CRAN Package Check Results for Package cvmgof

Last updated on 2025-05-05 01:50:44 CEST.

Flavor Version Tinstall Tcheck Ttotal Status Flags
r-devel-linux-x86_64-debian-clang 1.0.3 2.37 24.50 26.87 NOTE
r-devel-linux-x86_64-debian-gcc 1.0.3 1.99 19.17 21.16 NOTE
r-devel-linux-x86_64-fedora-clang 1.0.3 42.04 OK
r-devel-linux-x86_64-fedora-gcc 1.0.3 40.81 OK
r-devel-windows-x86_64 1.0.3 4.00 49.00 53.00 OK
r-patched-linux-x86_64 1.0.3 2.64 23.41 26.05 OK
r-release-linux-x86_64 1.0.3 2.19 23.58 25.77 OK
r-release-macos-arm64 1.0.3 17.00 OK
r-release-macos-x86_64 1.0.3 28.00 OK
r-release-windows-x86_64 1.0.3 4.00 49.00 53.00 OK
r-oldrel-macos-arm64 1.0.3 17.00 OK
r-oldrel-macos-x86_64 1.0.3 27.00 OK
r-oldrel-windows-x86_64 1.0.3 4.00 54.00 58.00 OK

Check Details

Version: 1.0.3
Check: CRAN incoming feasibility
Result: NOTE Maintainer: ‘Romain Azais <romain.azais@inria.fr>’ No Authors@R field in DESCRIPTION. Please add one, modifying Authors@R: c(person(given = "Romain", family = "Azais", role = c("aut", "cre"), email = "romain.azais@inria.fr"), person(given = "Sandie", family = "Ferrigno", role = "aut"), person(given = "Marie-Jose", family = "Martinez", role = "aut")) as necessary. Flavors: r-devel-linux-x86_64-debian-clang, r-devel-linux-x86_64-debian-gcc