Last updated on 2025-11-20 03:50:04 CET.
| Flavor | Version | Tinstall | Tcheck | Ttotal | Status | Flags |
|---|---|---|---|---|---|---|
| r-devel-linux-x86_64-debian-clang | 0.0.1 | 1.52 | 17.50 | 19.02 | OK | |
| r-devel-linux-x86_64-debian-gcc | 0.0.1 | 1.29 | 15.07 | 16.36 | OK | |
| r-devel-linux-x86_64-fedora-clang | 0.0.1 | 27.42 | OK | |||
| r-devel-linux-x86_64-fedora-gcc | 0.0.1 | 26.08 | OK | |||
| r-devel-windows-x86_64 | 0.0.1 | 2.00 | 31.00 | 33.00 | OK | |
| r-patched-linux-x86_64 | 0.0.1 | 1.45 | 16.38 | 17.83 | OK | |
| r-release-linux-x86_64 | 0.0.1 | 1.36 | 16.75 | 18.11 | OK | |
| r-release-macos-arm64 | 0.0.1 | OK | ||||
| r-release-macos-x86_64 | 0.0.1 | 1.00 | 20.00 | 21.00 | OK | |
| r-release-windows-x86_64 | 0.0.1 | 2.00 | 32.00 | 34.00 | OK | |
| r-oldrel-macos-arm64 | 0.0.1 | NOTE | ||||
| r-oldrel-macos-x86_64 | 0.0.1 | 1.00 | 19.00 | 20.00 | NOTE | |
| r-oldrel-windows-x86_64 | 0.0.1 | 2.00 | 34.00 | 36.00 | NOTE |
Version: 0.0.1
Check: LazyData
Result: NOTE
'LazyData' is specified without a 'data' directory
Flavors: r-oldrel-macos-arm64, r-oldrel-macos-x86_64, r-oldrel-windows-x86_64