Last updated on 2024-07-27 01:53:09 CEST.
Flavor | Version | Tinstall | Tcheck | Ttotal | Status | Flags |
---|---|---|---|---|---|---|
r-devel-linux-x86_64-debian-clang | 1.0.8 | 47.58 | 129.61 | 177.19 | OK | |
r-devel-linux-x86_64-debian-gcc | 1.0.8 | 44.25 | 96.99 | 141.24 | OK | |
r-devel-linux-x86_64-fedora-clang | 1.0.8 | 246.02 | NOTE | |||
r-devel-linux-x86_64-fedora-gcc | 1.0.8 | 238.25 | OK | |||
r-devel-windows-x86_64 | 1.0.8 | 53.00 | 107.00 | 160.00 | NOTE | |
r-patched-linux-x86_64 | 1.0.8 | OK | ||||
r-release-linux-x86_64 | 1.0.8 | 45.03 | 122.08 | 167.11 | OK | |
r-release-macos-arm64 | 1.0.8 | 85.00 | NOTE | |||
r-release-macos-x86_64 | 1.0.8 | 173.00 | NOTE | |||
r-release-windows-x86_64 | 1.0.8 | 54.00 | 106.00 | 160.00 | NOTE | |
r-oldrel-macos-arm64 | 1.0.8 | 82.00 | NOTE | |||
r-oldrel-macos-x86_64 | 1.0.8 | 189.00 | NOTE | |||
r-oldrel-windows-x86_64 | 1.0.8 | 61.00 | 127.00 | 188.00 | NOTE |
Version: 1.0.8
Check: installed package size
Result: NOTE
installed size is 5.9Mb
sub-directories of 1Mb or more:
data 4.4Mb
Flavors: r-devel-linux-x86_64-fedora-clang, r-devel-windows-x86_64, r-release-macos-arm64, r-release-macos-x86_64, r-release-windows-x86_64, r-oldrel-macos-arm64, r-oldrel-macos-x86_64, r-oldrel-windows-x86_64