Last updated on 2024-05-21 02:01:59 CEST.
Flavor | Version | Tinstall | Tcheck | Ttotal | Status | Flags |
---|---|---|---|---|---|---|
r-devel-linux-x86_64-debian-clang | 1.15.4 | 48.81 | 278.52 | 327.33 | NOTE | |
r-devel-linux-x86_64-debian-gcc | 1.15.4 | 34.67 | 226.19 | 260.86 | NOTE | |
r-devel-linux-x86_64-fedora-clang | 1.15.4 | 441.28 | NOTE | |||
r-devel-linux-x86_64-fedora-gcc | 1.15.4 | 432.45 | NOTE | |||
r-devel-windows-x86_64 | 1.15.4 | 55.00 | 1217.00 | 1272.00 | NOTE | |
r-patched-linux-x86_64 | 1.15.4 | 57.63 | 291.63 | 349.26 | OK | |
r-release-linux-x86_64 | 1.15.4 | 50.03 | 297.80 | 347.83 | OK | |
r-release-macos-arm64 | 1.15.4 | 111.00 | NOTE | |||
r-release-macos-x86_64 | 1.15.4 | 405.00 | NOTE | |||
r-release-windows-x86_64 | 1.15.4 | 54.00 | 889.00 | 943.00 | OK | |
r-oldrel-macos-arm64 | 1.15.4 | 150.00 | OK | |||
r-oldrel-macos-x86_64 | 1.15.4 | 412.00 | NOTE | |||
r-oldrel-windows-x86_64 | 1.15.4 | 55.00 | 1812.00 | 1867.00 | OK |
Version: 1.15.4
Check: compiled code
Result: NOTE
File ‘data.table/libs/data_table.so’:
Found non-API calls to R: ‘SETLENGTH’, ‘SET_S4_OBJECT’,
‘SET_TRUELENGTH’, ‘UNSET_S4_OBJECT’
Compiled code should not call non-API entry points in R.
See ‘Writing portable packages’ in the ‘Writing R Extensions’ manual.
Flavors: r-devel-linux-x86_64-debian-clang, r-devel-linux-x86_64-debian-gcc, r-devel-linux-x86_64-fedora-clang, r-devel-linux-x86_64-fedora-gcc
Version: 1.15.4
Check: compiled code
Result: NOTE
File 'data.table/libs/x64/data_table.dll':
Found non-API calls to R: 'SETLENGTH', 'SET_S4_OBJECT',
'SET_TRUELENGTH', 'UNSET_S4_OBJECT'
Compiled code should not call non-API entry points in R.
See 'Writing portable packages' in the 'Writing R Extensions' manual.
Flavor: r-devel-windows-x86_64
Version: 1.15.4
Check: Rd cross-references
Result: NOTE
Package unavailable to check Rd xrefs: ‘yaml’
Flavor: r-release-macos-arm64
Version: 1.15.4
Check: installed package size
Result: NOTE
installed size is 5.0Mb
sub-directories of 1Mb or more:
libs 1.8Mb
Flavors: r-release-macos-x86_64, r-oldrel-macos-x86_64