CRAN Package Check Results for Package datetime

Last updated on 2025-05-08 01:51:00 CEST.

Flavor Version Tinstall Tcheck Ttotal Status Flags
r-devel-linux-x86_64-debian-clang 0.1.4 2.03 18.56 20.59 NOTE
r-devel-linux-x86_64-debian-gcc 0.1.4 1.55 15.25 16.80 NOTE
r-devel-linux-x86_64-fedora-clang 0.1.4 34.52 OK
r-devel-linux-x86_64-fedora-gcc 0.1.4 32.46 OK
r-devel-windows-x86_64 0.1.4 3.00 40.00 43.00 OK
r-patched-linux-x86_64 0.1.4 1.93 17.77 19.70 OK
r-release-linux-x86_64 0.1.4 1.85 18.08 19.93 OK
r-release-macos-arm64 0.1.4 14.00 OK
r-release-macos-x86_64 0.1.4 22.00 OK
r-release-windows-x86_64 0.1.4 3.00 44.00 47.00 OK
r-oldrel-macos-arm64 0.1.4 13.00 NOTE
r-oldrel-macos-x86_64 0.1.4 29.00 NOTE
r-oldrel-windows-x86_64 0.1.4 3.00 44.00 47.00 NOTE

Check Details

Version: 0.1.4
Check: CRAN incoming feasibility
Result: NOTE Maintainer: ‘Tim Bergsma <bergsmat@gmail.com>’ No Authors@R field in DESCRIPTION. Please add one, modifying Authors@R: person(given = "Tim", family = "Bergsma", role = c("aut", "cre"), email = "bergsmat@gmail.com") as necessary. Flavors: r-devel-linux-x86_64-debian-clang, r-devel-linux-x86_64-debian-gcc

Version: 0.1.4
Check: package dependencies
Result: NOTE Package suggested but not available for checking: ‘SASxport’ Flavors: r-oldrel-macos-arm64, r-oldrel-macos-x86_64, r-oldrel-windows-x86_64

Version: 0.1.4
Check: LazyData
Result: NOTE 'LazyData' is specified without a 'data' directory Flavors: r-oldrel-macos-arm64, r-oldrel-macos-x86_64, r-oldrel-windows-x86_64