CRAN Package Check Results for Package datrProfile

Last updated on 2025-02-19 01:50:46 CET.

Flavor Version Tinstall Tcheck Ttotal Status Flags
r-devel-linux-x86_64-debian-clang 0.1.0 2.19 23.00 25.19 OK
r-devel-linux-x86_64-debian-gcc 0.1.0 1.56 17.82 19.38 OK
r-devel-linux-x86_64-fedora-clang 0.1.0 42.09 OK
r-devel-linux-x86_64-fedora-gcc 0.1.0 38.07 OK
r-devel-macos-arm64 0.1.0 20.00 OK
r-devel-macos-x86_64 0.1.0 29.00 OK
r-devel-windows-x86_64 0.1.0 4.00 48.00 52.00 OK
r-patched-linux-x86_64 0.1.0 2.38 21.68 24.06 NOTE
r-release-linux-x86_64 0.1.0 1.66 21.77 23.43 NOTE
r-release-macos-arm64 0.1.0 19.00 NOTE
r-release-macos-x86_64 0.1.0 24.00 NOTE
r-release-windows-x86_64 0.1.0 4.00 3.00 7.00 FAIL
r-oldrel-macos-arm64 0.1.0 18.00 NOTE
r-oldrel-macos-x86_64 0.1.0 23.00 NOTE
r-oldrel-windows-x86_64 0.1.0 4.00 72.00 76.00 NOTE

Check Details

Version: 0.1.0
Check: LazyData
Result: NOTE 'LazyData' is specified without a 'data' directory Flavors: r-patched-linux-x86_64, r-release-linux-x86_64, r-release-macos-arm64, r-release-macos-x86_64, r-oldrel-macos-arm64, r-oldrel-macos-x86_64, r-oldrel-windows-x86_64

Version: 0.1.0
Check: package dependencies
Result: FAIL
Flavor: r-release-windows-x86_64