Last updated on 2024-07-27 01:53:09 CEST.
Flavor | Version | Tinstall | Tcheck | Ttotal | Status | Flags |
---|---|---|---|---|---|---|
r-devel-linux-x86_64-debian-clang | 0.0-22 | 4.61 | 61.11 | 65.72 | NOTE | |
r-devel-linux-x86_64-debian-gcc | 0.0-22 | 2.78 | 43.77 | 46.55 | NOTE | |
r-devel-linux-x86_64-fedora-clang | 0.0-22 | 81.36 | NOTE | |||
r-devel-linux-x86_64-fedora-gcc | 0.0-22 | 77.60 | NOTE | |||
r-devel-windows-x86_64 | 0.0-22 | 5.00 | 70.00 | 75.00 | NOTE | |
r-patched-linux-x86_64 | 0.0-22 | NOTE | ||||
r-release-linux-x86_64 | 0.0-22 | 3.56 | 57.21 | 60.77 | NOTE | |
r-release-macos-arm64 | 0.0-22 | 22.00 | NOTE | |||
r-release-macos-x86_64 | 0.0-22 | 37.00 | NOTE | |||
r-release-windows-x86_64 | 0.0-22 | 5.00 | 69.00 | 74.00 | NOTE | |
r-oldrel-macos-arm64 | 0.0-22 | 25.00 | OK | |||
r-oldrel-macos-x86_64 | 0.0-22 | 39.00 | OK | |||
r-oldrel-windows-x86_64 | 0.0-22 | 4.00 | 75.00 | 79.00 | OK |
Version: 0.0-22
Check: Rd files
Result: NOTE
checkRd: (-1) plot.mleBb.Rd:48: Lost braces
48 | \ code{size} is extracted from argument \code{x}.
| ^
Flavors: r-devel-linux-x86_64-debian-clang, r-devel-linux-x86_64-debian-gcc, r-devel-linux-x86_64-fedora-clang, r-devel-linux-x86_64-fedora-gcc, r-devel-windows-x86_64, r-patched-linux-x86_64, r-release-linux-x86_64, r-release-macos-arm64, r-release-macos-x86_64, r-release-windows-x86_64