Last updated on 2025-11-13 02:52:16 CET.
| Flavor | Version | Tinstall | Tcheck | Ttotal | Status | Flags |
|---|---|---|---|---|---|---|
| r-devel-linux-x86_64-debian-clang | 1.2.3 | 106.85 | 106.25 | 213.10 | OK | |
| r-devel-linux-x86_64-debian-gcc | 1.2.3 | 74.12 | 78.21 | 152.33 | OK | |
| r-devel-linux-x86_64-fedora-clang | 1.2.3 | 224.00 | 165.50 | 389.50 | OK | |
| r-devel-linux-x86_64-fedora-gcc | 1.2.3 | 254.00 | 120.45 | 374.45 | OK | |
| r-devel-windows-x86_64 | 1.2.3 | 117.00 | 160.00 | 277.00 | OK | |
| r-patched-linux-x86_64 | 1.2.3 | 102.66 | 101.66 | 204.32 | OK | |
| r-release-linux-x86_64 | 1.2.3 | 104.80 | 101.07 | 205.87 | OK | |
| r-release-macos-arm64 | 1.2.3 | 37.00 | 50.00 | 87.00 | OK | |
| r-release-macos-x86_64 | 1.2.3 | 43.00 | 172.00 | 215.00 | OK | |
| r-release-windows-x86_64 | 1.2.3 | 134.00 | 157.00 | 291.00 | OK | |
| r-oldrel-macos-arm64 | 1.2.3 | 39.00 | 52.00 | 91.00 | NOTE | |
| r-oldrel-macos-x86_64 | 1.2.3 | 28.00 | 162.00 | 190.00 | NOTE | |
| r-oldrel-windows-x86_64 | 1.2.3 | 125.00 | 186.00 | 311.00 | NOTE |
Version: 1.2.3
Check: installed package size
Result: NOTE
installed size is 11.0Mb
sub-directories of 1Mb or more:
doc 3.0Mb
libs 7.3Mb
Flavors: r-oldrel-macos-arm64, r-oldrel-macos-x86_64, r-oldrel-windows-x86_64