Last updated on 2025-11-19 01:48:44 CET.
| Flavor | Version | Tinstall | Tcheck | Ttotal | Status | Flags |
|---|---|---|---|---|---|---|
| r-devel-linux-x86_64-debian-clang | 0.1.0 | 20.45 | 26.02 | 46.47 | NOTE | |
| r-devel-linux-x86_64-debian-gcc | 0.1.0 | 13.05 | 21.71 | 34.76 | NOTE | |
| r-devel-linux-x86_64-fedora-clang | 0.1.0 | 35.00 | 46.95 | 81.95 | OK | |
| r-devel-linux-x86_64-fedora-gcc | 0.1.0 | 51.00 | 22.86 | 73.86 | OK | |
| r-devel-windows-x86_64 | 0.1.0 | 29.00 | 64.00 | 93.00 | OK | |
| r-patched-linux-x86_64 | 0.1.0 | 21.68 | 23.53 | 45.21 | OK | |
| r-release-linux-x86_64 | 0.1.0 | 20.07 | 23.73 | 43.80 | OK | |
| r-release-macos-arm64 | 0.1.0 | 9.00 | 17.00 | 26.00 | OK | |
| r-release-macos-x86_64 | 0.1.0 | 14.00 | 25.00 | 39.00 | OK | |
| r-release-windows-x86_64 | 0.1.0 | 26.00 | 58.00 | 84.00 | OK | |
| r-oldrel-macos-arm64 | 0.1.0 | 9.00 | 17.00 | 26.00 | OK | |
| r-oldrel-macos-x86_64 | 0.1.0 | 11.00 | 25.00 | 36.00 | OK | |
| r-oldrel-windows-x86_64 | 0.1.0 | 33.00 | 74.00 | 107.00 | OK |
Version: 0.1.0
Check: CRAN incoming feasibility
Result: NOTE
Maintainer: ‘Jonathan Berrisch <Jonathan@Berrisch.biz>’
The Description field contains
distance correlation (see Chaudhuri, Hu (2019) <arXiv:1810.11332>
Please refer to arXiv e-prints via their arXiv DOI <doi:10.48550/arXiv.YYMM.NNNNN>.
Flavors: r-devel-linux-x86_64-debian-clang, r-devel-linux-x86_64-debian-gcc