Last updated on 2024-07-27 01:53:09 CEST.
Flavor | Version | Tinstall | Tcheck | Ttotal | Status | Flags |
---|---|---|---|---|---|---|
r-devel-linux-x86_64-debian-clang | 0.9.2 | 51.49 | 29.70 | 81.19 | NOTE | |
r-devel-linux-x86_64-debian-gcc | 0.9.2 | 32.30 | 22.66 | 54.96 | NOTE | |
r-devel-linux-x86_64-fedora-clang | 0.9.2 | 133.15 | NOTE | |||
r-devel-linux-x86_64-fedora-gcc | 0.9.2 | 113.74 | NOTE | |||
r-devel-windows-x86_64 | 0.9.2 | 42.00 | 63.00 | 105.00 | NOTE | |
r-patched-linux-x86_64 | 0.9.2 | NOTE | ||||
r-release-linux-x86_64 | 0.9.2 | 39.22 | 28.95 | 68.17 | NOTE | |
r-release-macos-arm64 | 0.9.2 | 30.00 | NOTE | |||
r-release-macos-x86_64 | 0.9.2 | 34.00 | NOTE | |||
r-release-windows-x86_64 | 0.9.2 | 49.00 | 64.00 | 113.00 | NOTE | |
r-oldrel-macos-arm64 | 0.9.2 | 34.00 | NOTE | |||
r-oldrel-macos-x86_64 | 0.9.2 | 52.00 | NOTE | |||
r-oldrel-windows-x86_64 | 0.9.2 | 48.00 | 73.00 | 121.00 | NOTE |
Version: 0.9.2
Check: C++ specification
Result: NOTE
Specified C++11: please drop specification unless essential
Flavors: r-devel-linux-x86_64-debian-clang, r-devel-linux-x86_64-debian-gcc, r-devel-linux-x86_64-fedora-clang, r-devel-linux-x86_64-fedora-gcc, r-devel-windows-x86_64, r-patched-linux-x86_64, r-release-linux-x86_64, r-release-macos-arm64, r-release-macos-x86_64, r-release-windows-x86_64, r-oldrel-macos-arm64, r-oldrel-macos-x86_64, r-oldrel-windows-x86_64