Last updated on 2025-10-05 01:48:27 CEST.
Flavor | Version | Tinstall | Tcheck | Ttotal | Status | Flags |
---|---|---|---|---|---|---|
r-devel-linux-x86_64-debian-clang | 0.1.1 | 2.44 | 55.05 | 57.49 | OK | |
r-devel-linux-x86_64-debian-gcc | 0.1.1 | 1.54 | 39.58 | 41.12 | OK | |
r-devel-linux-x86_64-fedora-clang | 0.1.1 | 89.61 | NOTE | |||
r-devel-linux-x86_64-fedora-gcc | 0.1.1 | 105.05 | NOTE | |||
r-devel-windows-x86_64 | 0.1.1 | 5.00 | 72.00 | 77.00 | OK | |
r-patched-linux-x86_64 | 0.1.1 | 2.70 | 52.82 | 55.52 | OK | |
r-release-linux-x86_64 | 0.1.1 | 2.67 | 51.51 | 54.18 | OK | |
r-release-macos-arm64 | 0.1.1 | 40.00 | OK | |||
r-release-macos-x86_64 | 0.1.1 | 68.00 | OK | |||
r-release-windows-x86_64 | 0.1.1 | 4.00 | 71.00 | 75.00 | OK | |
r-oldrel-macos-arm64 | 0.1.1 | 36.00 | OK | |||
r-oldrel-macos-x86_64 | 0.1.1 | 55.00 | OK | |||
r-oldrel-windows-x86_64 | 0.1.1 | 6.00 | 87.00 | 93.00 | OK |
Version: 0.1.1
Check: dependencies in R code
Result: NOTE
Namespaces in Imports field not imported from:
‘MASS’ ‘qpdf’
All declared Imports should be used.
Flavors: r-devel-linux-x86_64-fedora-clang, r-devel-linux-x86_64-fedora-gcc