Last updated on 2025-05-05 01:50:44 CEST.
Flavor | Version | Tinstall | Tcheck | Ttotal | Status | Flags |
---|---|---|---|---|---|---|
r-devel-linux-x86_64-debian-clang | 0.4.4 | 3.37 | 340.78 | 344.15 | NOTE | |
r-devel-linux-x86_64-debian-gcc | 0.4.4 | 2.65 | 203.97 | 206.62 | NOTE | |
r-devel-linux-x86_64-fedora-clang | 0.4.4 | 545.96 | OK | |||
r-devel-linux-x86_64-fedora-gcc | 0.4.4 | 559.51 | OK | |||
r-devel-windows-x86_64 | 0.4.4 | 5.00 | 195.00 | 200.00 | OK | --no-vignettes |
r-patched-linux-x86_64 | 0.4.4 | 4.40 | 324.28 | 328.68 | OK | |
r-release-linux-x86_64 | 0.4.4 | 4.07 | 320.57 | 324.64 | OK | |
r-release-macos-arm64 | 0.4.4 | 137.00 | OK | |||
r-release-macos-x86_64 | 0.4.4 | 345.00 | OK | |||
r-release-windows-x86_64 | 0.4.4 | 6.00 | 201.00 | 207.00 | OK | --no-vignettes |
r-oldrel-macos-arm64 | 0.4.4 | 121.00 | OK | |||
r-oldrel-macos-x86_64 | 0.4.4 | 251.00 | OK | |||
r-oldrel-windows-x86_64 | 0.4.4 | 8.00 | 268.00 | 276.00 | OK | --no-vignettes |
Version: 0.4.4
Check: CRAN incoming feasibility
Result: NOTE
Maintainer: ‘Philipp H Boersch-Supan <pboesu@gmail.com>’
Package CITATION file contains call(s) to old-style personList() or
as.personList(). Please use c() on person objects instead.
Package CITATION file contains call(s) to old-style citEntry(). Please
use bibentry() instead.
Flavors: r-devel-linux-x86_64-debian-clang, r-devel-linux-x86_64-debian-gcc