Last updated on 2025-02-14 02:49:41 CET.
Flavor | Version | Tinstall | Tcheck | Ttotal | Status | Flags |
---|---|---|---|---|---|---|
r-devel-linux-x86_64-debian-clang | 0.1.1 | 6.85 | 52.07 | 58.92 | OK | |
r-devel-linux-x86_64-debian-gcc | 0.1.1 | 4.53 | 38.71 | 43.24 | OK | |
r-devel-linux-x86_64-fedora-clang | 0.1.1 | 98.93 | NOTE | |||
r-devel-linux-x86_64-fedora-gcc | 0.1.1 | 88.18 | NOTE | |||
r-devel-windows-x86_64 | 0.1.1 | 9.00 | 70.00 | 79.00 | OK | |
r-patched-linux-x86_64 | 0.1.1 | 6.22 | 47.42 | 53.64 | OK | |
r-release-linux-x86_64 | 0.1.1 | 5.51 | 48.64 | 54.15 | OK | |
r-release-macos-arm64 | 0.1.1 | 31.00 | OK | |||
r-release-macos-x86_64 | 0.1.1 | 47.00 | OK | |||
r-release-windows-x86_64 | 0.1.1 | 7.00 | 72.00 | 79.00 | OK | |
r-oldrel-macos-arm64 | 0.1.1 | 32.00 | OK | |||
r-oldrel-macos-x86_64 | 0.1.1 | 47.00 | OK | |||
r-oldrel-windows-x86_64 | 0.1.1 | 11.00 | 74.00 | 85.00 | OK |
Version: 0.1.1
Check: dependencies in R code
Result: NOTE
Namespace in Imports field not imported from: ‘dplyr’
All declared Imports should be used.
Flavors: r-devel-linux-x86_64-fedora-clang, r-devel-linux-x86_64-fedora-gcc