Last updated on 2025-02-10 01:48:19 CET.
Flavor | Version | Tinstall | Tcheck | Ttotal | Status | Flags |
---|---|---|---|---|---|---|
r-devel-linux-x86_64-debian-clang | 1.0.2 | 10.44 | 82.19 | 92.63 | NOTE | |
r-devel-linux-x86_64-debian-gcc | 1.0.2 | 6.77 | 59.45 | 66.22 | NOTE | |
r-devel-linux-x86_64-fedora-clang | 1.0.2 | 155.86 | OK | |||
r-devel-linux-x86_64-fedora-gcc | 1.0.2 | 138.42 | OK | |||
r-devel-windows-x86_64 | 1.0.2 | 13.00 | 92.00 | 105.00 | NOTE | |
r-patched-linux-x86_64 | 1.0.2 | 15.99 | 76.53 | 92.52 | OK | |
r-release-linux-x86_64 | 1.0.2 | 9.40 | 77.12 | 86.52 | OK | |
r-release-macos-arm64 | 1.0.2 | 42.00 | OK | |||
r-release-macos-x86_64 | 1.0.2 | 63.00 | OK | |||
r-release-windows-x86_64 | 1.0.2 | 14.00 | 92.00 | 106.00 | OK | |
r-oldrel-macos-arm64 | 1.0.2 | 46.00 | OK | |||
r-oldrel-macos-x86_64 | 1.0.2 | 71.00 | NOTE | |||
r-oldrel-windows-x86_64 | 1.0.2 | 15.00 | 112.00 | 127.00 | OK |
Version: 1.0.2
Check: Rd cross-references
Result: NOTE
Found the following Rd file(s) with Rd \link{} targets missing package
anchors:
estim_sigma.Rd: estim_ncp
Please provide package anchors for all Rd \link{} targets not in the
package itself and the base packages.
Flavors: r-devel-linux-x86_64-debian-clang, r-devel-linux-x86_64-debian-gcc, r-devel-windows-x86_64
Version: 1.0.2
Check: package dependencies
Result: NOTE
Package suggested but not available for checking: ‘missMDA’
Flavor: r-oldrel-macos-x86_64