Last updated on 2024-07-27 01:53:09 CEST.
Flavor | Version | Tinstall | Tcheck | Ttotal | Status | Flags |
---|---|---|---|---|---|---|
r-devel-linux-x86_64-debian-clang | 1.1.0 | 90.43 | 97.25 | 187.68 | OK | |
r-devel-linux-x86_64-debian-gcc | 1.1.0 | 60.85 | 71.40 | 132.25 | OK | |
r-devel-linux-x86_64-fedora-clang | 1.1.0 | 260.37 | OK | |||
r-devel-linux-x86_64-fedora-gcc | 1.1.0 | 268.61 | OK | |||
r-devel-windows-x86_64 | 1.1.0 | 70.00 | 125.00 | 195.00 | OK | |
r-patched-linux-x86_64 | 1.1.0 | OK | ||||
r-release-linux-x86_64 | 1.1.0 | 56.34 | 90.28 | 146.62 | OK | |
r-release-macos-arm64 | 1.1.0 | 71.00 | NOTE | |||
r-release-macos-x86_64 | 1.1.0 | 117.00 | NOTE | |||
r-release-windows-x86_64 | 1.1.0 | 71.00 | 126.00 | 197.00 | OK | |
r-oldrel-macos-arm64 | 1.1.0 | 62.00 | NOTE | |||
r-oldrel-macos-x86_64 | 1.1.0 | 101.00 | NOTE | |||
r-oldrel-windows-x86_64 | 1.1.0 | 83.00 | 146.00 | 229.00 | OK |
Version: 1.1.0
Check: installed package size
Result: NOTE
installed size is 5.9Mb
sub-directories of 1Mb or more:
libs 5.1Mb
Flavors: r-release-macos-arm64, r-release-macos-x86_64, r-oldrel-macos-arm64, r-oldrel-macos-x86_64