Last updated on 2024-07-27 01:53:09 CEST.
Flavor | Version | Tinstall | Tcheck | Ttotal | Status | Flags |
---|---|---|---|---|---|---|
r-devel-linux-x86_64-debian-clang | 0.9.6 | 27.88 | 106.67 | 134.55 | NOTE | |
r-devel-linux-x86_64-debian-gcc | 0.9.6 | 22.03 | 81.46 | 103.49 | NOTE | |
r-devel-linux-x86_64-fedora-clang | 0.9.6 | 182.62 | NOTE | |||
r-devel-linux-x86_64-fedora-gcc | 0.9.6 | 180.57 | NOTE | |||
r-devel-windows-x86_64 | 0.9.6 | 30.00 | 120.00 | 150.00 | NOTE | |
r-patched-linux-x86_64 | 0.9.6 | NOTE | ||||
r-release-linux-x86_64 | 0.9.6 | 25.15 | 100.65 | 125.80 | NOTE | |
r-release-macos-arm64 | 0.9.6 | 53.00 | NOTE | |||
r-release-macos-x86_64 | 0.9.6 | 94.00 | NOTE | |||
r-release-windows-x86_64 | 0.9.6 | 33.00 | 121.00 | 154.00 | NOTE | |
r-oldrel-macos-arm64 | 0.9.6 | 57.00 | NOTE | |||
r-oldrel-macos-x86_64 | 0.9.6 | 100.00 | NOTE | |||
r-oldrel-windows-x86_64 | 0.9.6 | 37.00 | 140.00 | 177.00 | NOTE |
Version: 0.9.6
Check: LazyData
Result: NOTE
'LazyData' is specified without a 'data' directory
Flavors: r-devel-linux-x86_64-debian-clang, r-devel-linux-x86_64-debian-gcc, r-devel-linux-x86_64-fedora-clang, r-devel-linux-x86_64-fedora-gcc, r-devel-windows-x86_64, r-patched-linux-x86_64, r-release-linux-x86_64, r-release-macos-arm64, r-release-macos-x86_64, r-release-windows-x86_64, r-oldrel-macos-arm64, r-oldrel-macos-x86_64, r-oldrel-windows-x86_64
Version: 0.9.6
Check: installed package size
Result: NOTE
installed size is 5.2Mb
sub-directories of 1Mb or more:
extdata 2.1Mb
libs 2.3Mb
Flavors: r-release-macos-arm64, r-release-macos-x86_64, r-oldrel-macos-arm64, r-oldrel-macos-x86_64