Last updated on 2025-02-19 01:50:46 CET.
Flavor | Version | Tinstall | Tcheck | Ttotal | Status | Flags |
---|---|---|---|---|---|---|
r-devel-linux-x86_64-debian-clang | 0.1.4 | 6.26 | 62.63 | 68.89 | OK | |
r-devel-linux-x86_64-debian-gcc | 0.1.4 | 4.33 | 43.19 | 47.52 | OK | |
r-devel-linux-x86_64-fedora-clang | 0.1.4 | 115.03 | OK | |||
r-devel-linux-x86_64-fedora-gcc | 0.1.4 | 97.06 | OK | |||
r-devel-macos-arm64 | 0.1.4 | 32.00 | OK | |||
r-devel-macos-x86_64 | 0.1.4 | 63.00 | OK | |||
r-devel-windows-x86_64 | 0.1.4 | 8.00 | 80.00 | 88.00 | OK | |
r-patched-linux-x86_64 | 0.1.4 | 5.14 | 56.42 | 61.56 | OK | |
r-release-linux-x86_64 | 0.1.4 | 5.52 | 57.16 | 62.68 | OK | |
r-release-macos-arm64 | 0.1.4 | 37.00 | OK | |||
r-release-macos-x86_64 | 0.1.4 | 57.00 | OK | |||
r-release-windows-x86_64 | 0.1.4 | 8.00 | 3.00 | 11.00 | FAIL | |
r-oldrel-macos-arm64 | 0.1.4 | 36.00 | OK | |||
r-oldrel-macos-x86_64 | 0.1.4 | 52.00 | OK | |||
r-oldrel-windows-x86_64 | 0.1.4 | 10.00 | 82.00 | 92.00 | OK |
Version: 0.1.4
Check: package dependencies
Result: FAIL
Flavor: r-release-windows-x86_64