Last updated on 2024-07-27 01:53:10 CEST.
Flavor | Version | Tinstall | Tcheck | Ttotal | Status | Flags |
---|---|---|---|---|---|---|
r-devel-linux-x86_64-debian-clang | 0.3.5 | 17.79 | 147.24 | 165.03 | OK | |
r-devel-linux-x86_64-debian-gcc | 0.3.5 | 12.84 | 108.54 | 121.38 | NOTE | |
r-devel-linux-x86_64-fedora-clang | 0.3.5 | 204.97 | OK | |||
r-devel-linux-x86_64-fedora-gcc | 0.3.5 | 208.38 | OK | |||
r-devel-windows-x86_64 | 0.3.5 | 18.00 | 141.00 | 159.00 | NOTE | |
r-patched-linux-x86_64 | 0.3.5 | OK | ||||
r-release-linux-x86_64 | 0.3.5 | 16.44 | 140.91 | 157.35 | OK | |
r-release-macos-arm64 | 0.3.5 | 66.00 | OK | |||
r-release-macos-x86_64 | 0.3.5 | 108.00 | OK | |||
r-release-windows-x86_64 | 0.3.5 | 20.00 | 139.00 | 159.00 | OK | |
r-oldrel-macos-arm64 | 0.3.5 | 77.00 | OK | |||
r-oldrel-macos-x86_64 | 0.3.5 | 116.00 | OK | |||
r-oldrel-windows-x86_64 | 0.3.5 | 19.00 | 167.00 | 186.00 | OK |
Version: 0.3.5
Check: Rd cross-references
Result: NOTE
Found the following Rd file(s) with Rd \link{} targets missing package
anchors:
diffChr.Rd: style, num_colors
diffCsv.Rd: style, num_colors
diffDeparse.Rd: style, num_colors
diffFile.Rd: style, num_colors
diffPrint.Rd: style, num_colors
diffStr.Rd: style, num_colors
Please provide package anchors for all Rd \link{} targets not in the
package itself and the base packages.
Flavors: r-devel-linux-x86_64-debian-gcc, r-devel-windows-x86_64