CRAN Package Check Results for Package digitalPCR

Last updated on 2025-05-04 02:50:03 CEST.

Flavor Version Tinstall Tcheck Ttotal Status Flags
r-devel-linux-x86_64-debian-clang 1.1.0 1.61 17.62 19.23 NOTE
r-devel-linux-x86_64-debian-gcc 1.1.0 1.33 14.15 15.48 NOTE
r-devel-linux-x86_64-fedora-clang 1.1.0 30.47 OK
r-devel-linux-x86_64-fedora-gcc 1.1.0 28.63 OK
r-devel-windows-x86_64 1.1.0 3.00 38.00 41.00 OK
r-patched-linux-x86_64 1.1.0 1.34 17.00 18.34 OK
r-release-linux-x86_64 OK
r-release-macos-arm64 1.1.0 16.00 OK
r-release-macos-x86_64 1.1.0 25.00 OK
r-release-windows-x86_64 1.1.0 3.00 40.00 43.00 OK
r-oldrel-macos-arm64 1.1.0 14.00 OK
r-oldrel-macos-x86_64 1.1.0 21.00 OK
r-oldrel-windows-x86_64 1.1.0 3.00 38.00 41.00 OK

Check Details

Version: 1.1.0
Check: CRAN incoming feasibility
Result: NOTE Maintainer: ‘Xutao Deng <xutaodeng@gmail.com>’ No Authors@R field in DESCRIPTION. Please add one, modifying Authors@R: person(given = "Xutao", family = "Deng", role = c("aut", "cre"), email = "xutaodeng@gmail.com") as necessary. Flavors: r-devel-linux-x86_64-debian-clang, r-devel-linux-x86_64-debian-gcc