Last updated on 2024-07-27 01:53:10 CEST.
Flavor | Version | Tinstall | Tcheck | Ttotal | Status | Flags |
---|---|---|---|---|---|---|
r-devel-linux-x86_64-debian-clang | 0.3.0 | 118.45 | 204.95 | 323.40 | NOTE | |
r-devel-linux-x86_64-debian-gcc | 0.3.0 | 92.12 | 157.85 | 249.97 | NOTE | |
r-devel-linux-x86_64-fedora-clang | 0.3.0 | 601.33 | OK | |||
r-devel-linux-x86_64-fedora-gcc | 0.3.0 | 713.26 | OK | |||
r-devel-windows-x86_64 | 0.3.0 | 92.00 | 308.00 | 400.00 | NOTE | |
r-patched-linux-x86_64 | 0.3.0 | NOTE | ||||
r-release-linux-x86_64 | 0.3.0 | 86.20 | 205.85 | 292.05 | NOTE | |
r-release-macos-arm64 | 0.3.0 | 107.00 | NOTE | |||
r-release-macos-x86_64 | 0.3.0 | 188.00 | NOTE | |||
r-release-windows-x86_64 | 0.3.0 | 89.00 | 301.00 | 390.00 | NOTE | |
r-oldrel-macos-arm64 | 0.3.0 | 96.00 | NOTE | |||
r-oldrel-macos-x86_64 | 0.3.0 | 273.00 | NOTE | |||
r-oldrel-windows-x86_64 | 0.3.0 | 110.00 | 231.00 | 341.00 | NOTE |
Version: 0.3.0
Check: package dependencies
Result: NOTE
Package suggested but not available for checking: ‘INLA’
Flavors: r-devel-linux-x86_64-debian-clang, r-devel-linux-x86_64-debian-gcc, r-patched-linux-x86_64, r-release-linux-x86_64, r-release-macos-arm64, r-release-macos-x86_64, r-oldrel-macos-arm64, r-oldrel-macos-x86_64, r-oldrel-windows-x86_64
Version: 0.3.0
Check: installed package size
Result: NOTE
installed size is 13.3Mb
sub-directories of 1Mb or more:
libs 12.8Mb
Flavors: r-devel-windows-x86_64, r-release-macos-arm64, r-release-macos-x86_64, r-release-windows-x86_64, r-oldrel-macos-arm64, r-oldrel-macos-x86_64, r-oldrel-windows-x86_64