Last updated on 2024-07-27 01:53:10 CEST.
Flavor | Version | Tinstall | Tcheck | Ttotal | Status | Flags |
---|---|---|---|---|---|---|
r-devel-linux-x86_64-debian-clang | 1.0-1 | 2.55 | 76.36 | 78.91 | OK | |
r-devel-linux-x86_64-debian-gcc | 1.0-1 | 2.26 | 56.67 | 58.93 | OK | |
r-devel-linux-x86_64-fedora-clang | 1.0-1 | 97.49 | NOTE | |||
r-devel-linux-x86_64-fedora-gcc | 1.0-1 | 106.71 | OK | |||
r-devel-windows-x86_64 | 1.0-1 | 3.00 | 80.00 | 83.00 | NOTE | |
r-patched-linux-x86_64 | 1.0-1 | OK | ||||
r-release-linux-x86_64 | 1.0-1 | 2.62 | 71.20 | 73.82 | OK | |
r-release-macos-arm64 | 1.0-1 | 36.00 | NOTE | |||
r-release-macos-x86_64 | 1.0-1 | 57.00 | NOTE | |||
r-release-windows-x86_64 | 1.0-1 | 4.00 | 80.00 | 84.00 | NOTE | |
r-oldrel-macos-arm64 | 1.0-1 | 37.00 | NOTE | |||
r-oldrel-macos-x86_64 | 1.0-1 | 62.00 | NOTE | |||
r-oldrel-windows-x86_64 | 1.0-1 | 4.00 | 88.00 | 92.00 | NOTE |
Version: 1.0-1
Check: installed package size
Result: NOTE
installed size is 6.2Mb
sub-directories of 1Mb or more:
doc 1.5Mb
extdata 4.2Mb
Flavors: r-devel-linux-x86_64-fedora-clang, r-devel-windows-x86_64, r-release-macos-arm64, r-release-macos-x86_64, r-release-windows-x86_64, r-oldrel-macos-arm64, r-oldrel-macos-x86_64, r-oldrel-windows-x86_64