Last updated on 2024-07-27 01:53:10 CEST.
Flavor | Version | Tinstall | Tcheck | Ttotal | Status | Flags |
---|---|---|---|---|---|---|
r-devel-linux-x86_64-debian-clang | 1.0.3 | 1.53 | 31.13 | 32.66 | NOTE | |
r-devel-linux-x86_64-debian-gcc | 1.0.3 | 1.61 | 23.54 | 25.15 | NOTE | |
r-devel-linux-x86_64-fedora-clang | 1.0.3 | 43.56 | NOTE | |||
r-devel-linux-x86_64-fedora-gcc | 1.0.3 | 54.98 | NOTE | |||
r-devel-windows-x86_64 | 1.0.3 | 4.00 | 46.00 | 50.00 | NOTE | |
r-patched-linux-x86_64 | 1.0.3 | NOTE | ||||
r-release-linux-x86_64 | 1.0.3 | 2.07 | 29.81 | 31.88 | NOTE | |
r-release-macos-arm64 | 1.0.3 | 21.00 | NOTE | |||
r-release-macos-x86_64 | 1.0.3 | 33.00 | NOTE | |||
r-release-windows-x86_64 | 1.0.3 | 3.00 | 45.00 | 48.00 | NOTE | |
r-oldrel-macos-arm64 | 1.0.3 | 22.00 | NOTE | |||
r-oldrel-macos-x86_64 | 1.0.3 | 33.00 | NOTE | |||
r-oldrel-windows-x86_64 | 1.0.3 | 3.00 | 45.00 | 48.00 | NOTE |
Version: 1.0.3
Check: LazyData
Result: NOTE
'LazyData' is specified without a 'data' directory
Flavors: r-devel-linux-x86_64-debian-clang, r-devel-linux-x86_64-debian-gcc, r-devel-linux-x86_64-fedora-clang, r-devel-linux-x86_64-fedora-gcc, r-devel-windows-x86_64, r-patched-linux-x86_64, r-release-linux-x86_64, r-release-macos-arm64, r-release-macos-x86_64, r-release-windows-x86_64, r-oldrel-macos-arm64, r-oldrel-macos-x86_64, r-oldrel-windows-x86_64