Last updated on 2024-07-27 01:53:10 CEST.
Flavor | Version | Tinstall | Tcheck | Ttotal | Status | Flags |
---|---|---|---|---|---|---|
r-devel-linux-x86_64-debian-clang | 1.0.3.1 | 9.91 | 32.64 | 42.55 | OK | |
r-devel-linux-x86_64-debian-gcc | 1.0.3.1 | 7.20 | 24.81 | 32.01 | OK | |
r-devel-linux-x86_64-fedora-clang | 1.0.3.1 | 57.36 | NOTE | |||
r-devel-linux-x86_64-fedora-gcc | 1.0.3.1 | 49.32 | OK | |||
r-devel-windows-x86_64 | 1.0.3.1 | 16.00 | 60.00 | 76.00 | NOTE | |
r-patched-linux-x86_64 | 1.0.3.1 | OK | ||||
r-release-linux-x86_64 | 1.0.3.1 | 7.65 | 30.68 | 38.33 | OK | |
r-release-macos-arm64 | 1.0.3.1 | 25.00 | NOTE | |||
r-release-macos-x86_64 | 1.0.3.1 | 38.00 | NOTE | |||
r-release-windows-x86_64 | 1.0.3.1 | 21.00 | 61.00 | 82.00 | NOTE | |
r-oldrel-macos-arm64 | 1.0.3.1 | 25.00 | NOTE | |||
r-oldrel-macos-x86_64 | 1.0.3.1 | 40.00 | NOTE | |||
r-oldrel-windows-x86_64 | 1.0.3.1 | 16.00 | 69.00 | 85.00 | NOTE |
Version: 1.0.3.1
Check: installed package size
Result: NOTE
installed size is 16.6Mb
sub-directories of 1Mb or more:
include 16.3Mb
Flavors: r-devel-linux-x86_64-fedora-clang, r-devel-windows-x86_64, r-release-macos-arm64, r-release-macos-x86_64, r-release-windows-x86_64, r-oldrel-macos-arm64, r-oldrel-macos-x86_64, r-oldrel-windows-x86_64