Last updated on 2024-07-27 01:53:10 CEST.
Flavor | Version | Tinstall | Tcheck | Ttotal | Status | Flags |
---|---|---|---|---|---|---|
r-devel-linux-x86_64-debian-clang | 1.1.0 | 8.72 | 89.77 | 98.49 | NOTE | |
r-devel-linux-x86_64-debian-gcc | 1.1.0 | 6.00 | 65.21 | 71.21 | NOTE | |
r-devel-linux-x86_64-fedora-clang | 1.1.0 | 115.63 | NOTE | |||
r-devel-linux-x86_64-fedora-gcc | 1.1.0 | 120.51 | NOTE | |||
r-devel-windows-x86_64 | 1.1.0 | 9.00 | 87.00 | 96.00 | NOTE | |
r-patched-linux-x86_64 | 1.1.0 | NOTE | ||||
r-release-linux-x86_64 | 1.1.0 | 7.88 | 84.54 | 92.42 | NOTE | |
r-release-macos-arm64 | 1.1.0 | 32.00 | NOTE | |||
r-release-macos-x86_64 | 1.1.0 | 51.00 | NOTE | |||
r-release-windows-x86_64 | 1.1.0 | 7.00 | 80.00 | 87.00 | NOTE | |
r-oldrel-macos-arm64 | 1.1.0 | 37.00 | OK | |||
r-oldrel-macos-x86_64 | 1.1.0 | 63.00 | OK | |||
r-oldrel-windows-x86_64 | 1.1.0 | 10.00 | 92.00 | 102.00 | OK |
Version: 1.1.0
Check: Rd files
Result: NOTE
checkRd: (-1) dca.Rd:24: Lost braces; missing escapes or markup?
24 | \eqn{neglinks_{ij} = 1} means chunklet \code{i} and chunklet {j}
| ^
checkRd: (-1) dca.Rd:26: Lost braces; missing escapes or markup?
26 | \eqn{neglinks_{ij} = 0} means chunklet \code{i} and chunklet {j}
| ^
checkRd: (-1) rca.Rd:57: Lost braces; missing escapes or markup?
57 | e.g. {1, 3, 7} and {4, 6}, might belong to the
| ^
checkRd: (-1) rca.Rd:57: Lost braces; missing escapes or markup?
57 | e.g. {1, 3, 7} and {4, 6}, might belong to the
| ^
Flavors: r-devel-linux-x86_64-debian-clang, r-devel-linux-x86_64-debian-gcc, r-devel-linux-x86_64-fedora-clang, r-devel-linux-x86_64-fedora-gcc, r-devel-windows-x86_64, r-patched-linux-x86_64, r-release-linux-x86_64, r-release-macos-arm64, r-release-macos-x86_64, r-release-windows-x86_64