CRAN Package Check Results for Package dml

Last updated on 2025-11-20 03:50:05 CET.

Flavor Version Tinstall Tcheck Ttotal Status Flags
r-devel-linux-x86_64-debian-clang 1.1.0 6.93 71.15 78.08 NOTE
r-devel-linux-x86_64-debian-gcc 1.1.0 5.60 52.12 57.72 NOTE
r-devel-linux-x86_64-fedora-clang 1.1.0 14.00 103.43 117.43 NOTE
r-devel-linux-x86_64-fedora-gcc 1.1.0 15.00 96.56 111.56 NOTE
r-devel-windows-x86_64 1.1.0 8.00 77.00 85.00 NOTE
r-patched-linux-x86_64 1.1.0 6.31 66.70 73.01 NOTE
r-release-linux-x86_64 1.1.0 6.72 66.02 72.74 NOTE
r-release-macos-arm64 1.1.0 NOTE
r-release-macos-x86_64 1.1.0 6.00 54.00 60.00 NOTE
r-release-windows-x86_64 1.1.0 8.00 76.00 84.00 NOTE
r-oldrel-macos-arm64 1.1.0 NOTE
r-oldrel-macos-x86_64 1.1.0 5.00 46.00 51.00 NOTE
r-oldrel-windows-x86_64 1.1.0 10.00 97.00 107.00 NOTE

Check Details

Version: 1.1.0
Check: CRAN incoming feasibility
Result: NOTE Maintainer: ‘Yuan Tang <terrytangyuan@gmail.com>’ No Authors@R field in DESCRIPTION. Please add one, modifying Authors@R: c(person(given = "Yuan", family = "Tang", role = c("aut", "cre"), email = "terrytangyuan@gmail.com"), person(given = "Gao", family = "Tao", role = "aut", email = "joegaotao@gmail.com"), person(given = "Xiao", family = "Nan", role = "aut", email = "road2stat@gmail.com")) as necessary. Flavors: r-devel-linux-x86_64-debian-clang, r-devel-linux-x86_64-debian-gcc

Version: 1.1.0
Check: Rd files
Result: NOTE checkRd: (-1) dca.Rd:24: Lost braces; missing escapes or markup? 24 | \eqn{neglinks_{ij} = 1} means chunklet \code{i} and chunklet {j} | ^ checkRd: (-1) dca.Rd:26: Lost braces; missing escapes or markup? 26 | \eqn{neglinks_{ij} = 0} means chunklet \code{i} and chunklet {j} | ^ checkRd: (-1) rca.Rd:57: Lost braces; missing escapes or markup? 57 | e.g. {1, 3, 7} and {4, 6}, might belong to the | ^ checkRd: (-1) rca.Rd:57: Lost braces; missing escapes or markup? 57 | e.g. {1, 3, 7} and {4, 6}, might belong to the | ^ Flavors: r-devel-linux-x86_64-debian-clang, r-devel-linux-x86_64-debian-gcc, r-devel-linux-x86_64-fedora-clang, r-devel-linux-x86_64-fedora-gcc, r-devel-windows-x86_64, r-patched-linux-x86_64, r-release-linux-x86_64, r-release-macos-arm64, r-release-macos-x86_64, r-release-windows-x86_64, r-oldrel-macos-arm64, r-oldrel-macos-x86_64, r-oldrel-windows-x86_64