Last updated on 2025-11-20 03:50:06 CET.
| Flavor | Version | Tinstall | Tcheck | Ttotal | Status | Flags |
|---|---|---|---|---|---|---|
| r-devel-linux-x86_64-debian-clang | 0.2.6 | 3.24 | 52.04 | 55.28 | OK | |
| r-devel-linux-x86_64-debian-gcc | 0.2.6 | 2.48 | 38.94 | 41.42 | OK | |
| r-devel-linux-x86_64-fedora-clang | 0.2.6 | 84.32 | OK | |||
| r-devel-linux-x86_64-fedora-gcc | 0.2.6 | 94.16 | OK | |||
| r-devel-windows-x86_64 | 0.2.6 | 8.00 | 70.00 | 78.00 | OK | |
| r-patched-linux-x86_64 | 0.2.6 | 3.68 | 47.86 | 51.54 | OK | |
| r-release-linux-x86_64 | 0.2.6 | 2.88 | 48.63 | 51.51 | OK | |
| r-release-macos-arm64 | 0.2.6 | OK | ||||
| r-release-macos-x86_64 | 0.2.6 | 3.00 | 85.00 | 88.00 | OK | |
| r-release-windows-x86_64 | 0.2.6 | 7.00 | 68.00 | 75.00 | OK | |
| r-oldrel-macos-arm64 | 0.2.6 | NOTE | ||||
| r-oldrel-macos-x86_64 | 0.2.6 | 2.00 | 68.00 | 70.00 | NOTE | |
| r-oldrel-windows-x86_64 | 0.2.6 | 6.00 | 79.00 | 85.00 | NOTE |
Version: 0.2.6
Check: LazyData
Result: NOTE
'LazyData' is specified without a 'data' directory
Flavors: r-oldrel-macos-arm64, r-oldrel-macos-x86_64, r-oldrel-windows-x86_64