Last updated on 2024-07-27 01:53:10 CEST.
Flavor | Version | Tinstall | Tcheck | Ttotal | Status | Flags |
---|---|---|---|---|---|---|
r-devel-linux-x86_64-debian-clang | 0.2.1 | 89.26 | 29.90 | 119.16 | NOTE | |
r-devel-linux-x86_64-debian-gcc | 0.2.1 | 59.09 | 23.38 | 82.47 | NOTE | |
r-devel-linux-x86_64-fedora-clang | 0.2.1 | 272.33 | NOTE | |||
r-devel-linux-x86_64-fedora-gcc | 0.2.1 | 191.12 | NOTE | |||
r-devel-windows-x86_64 | 0.2.1 | 71.00 | 62.00 | 133.00 | NOTE | |
r-patched-linux-x86_64 | 0.2.1 | NOTE | ||||
r-release-linux-x86_64 | 0.2.1 | 77.15 | 29.29 | 106.44 | NOTE | |
r-release-macos-arm64 | 0.2.1 | 44.00 | NOTE | |||
r-release-macos-x86_64 | 0.2.1 | 47.00 | NOTE | |||
r-release-windows-x86_64 | 0.2.1 | 105.00 | 59.00 | 164.00 | NOTE | |
r-oldrel-macos-arm64 | 0.2.1 | 57.00 | NOTE | |||
r-oldrel-macos-x86_64 | 0.2.1 | 96.00 | NOTE | |||
r-oldrel-windows-x86_64 | 0.2.1 | 65.00 | 71.00 | 136.00 | NOTE |
Version: 0.2.1
Check: LazyData
Result: NOTE
'LazyData' is specified without a 'data' directory
Flavors: r-devel-linux-x86_64-debian-clang, r-devel-linux-x86_64-debian-gcc, r-devel-linux-x86_64-fedora-clang, r-devel-linux-x86_64-fedora-gcc, r-devel-windows-x86_64, r-patched-linux-x86_64, r-release-linux-x86_64, r-release-macos-arm64, r-release-macos-x86_64, r-release-windows-x86_64, r-oldrel-macos-arm64, r-oldrel-macos-x86_64, r-oldrel-windows-x86_64