Last updated on 2025-02-16 01:49:40 CET.
Flavor | Version | Tinstall | Tcheck | Ttotal | Status | Flags |
---|---|---|---|---|---|---|
r-devel-linux-x86_64-debian-clang | 0.6.1 | 1.87 | 28.87 | 30.74 | NOTE | |
r-devel-linux-x86_64-debian-gcc | 0.6.1 | 1.47 | 21.89 | 23.36 | NOTE | |
r-devel-linux-x86_64-fedora-clang | 0.6.1 | 50.85 | NOTE | |||
r-devel-linux-x86_64-fedora-gcc | 0.6.1 | 45.73 | NOTE | |||
r-devel-macos-arm64 | 0.6.1 | 28.00 | OK | |||
r-devel-macos-x86_64 | 0.6.1 | 43.00 | NOTE | |||
r-devel-windows-x86_64 | 0.6.1 | 3.00 | 53.00 | 56.00 | NOTE | |
r-patched-linux-x86_64 | 0.6.1 | 2.01 | 26.55 | 28.56 | OK | |
r-release-linux-x86_64 | 0.6.1 | 1.64 | 27.14 | 28.78 | OK | |
r-release-macos-arm64 | 0.6.1 | 36.00 | OK | |||
r-release-macos-x86_64 | 0.6.1 | 42.00 | OK | |||
r-release-windows-x86_64 | 0.6.1 | 3.00 | 52.00 | 55.00 | OK | |
r-oldrel-macos-arm64 | 0.6.1 | 36.00 | OK | |||
r-oldrel-macos-x86_64 | 0.6.1 | 33.00 | OK | |||
r-oldrel-windows-x86_64 | 0.6.1 | 4.00 | 60.00 | 64.00 | OK |
Version: 0.6.1
Check: DESCRIPTION meta-information
Result: NOTE
Missing dependency on R >= 4.1.0 because package code uses the pipe
|> or function shorthand \(...) syntax added in R 4.1.0.
File(s) using such syntax:
‘dpkg_release_gh.R’ ‘stow.R’
Flavors: r-devel-linux-x86_64-debian-clang, r-devel-linux-x86_64-debian-gcc, r-devel-linux-x86_64-fedora-clang, r-devel-linux-x86_64-fedora-gcc, r-devel-macos-x86_64, r-devel-windows-x86_64