Last updated on 2024-07-27 01:53:10 CEST.
Flavor | Version | Tinstall | Tcheck | Ttotal | Status | Flags |
---|---|---|---|---|---|---|
r-devel-linux-x86_64-debian-clang | 2.0.0 | 9.58 | 142.50 | 152.08 | NOTE | |
r-devel-linux-x86_64-debian-gcc | 2.0.0 | 9.94 | 105.93 | 115.87 | NOTE | |
r-devel-linux-x86_64-fedora-clang | 2.0.0 | 194.39 | NOTE | |||
r-devel-linux-x86_64-fedora-gcc | 2.0.0 | 202.91 | NOTE | |||
r-devel-windows-x86_64 | 2.0.0 | 14.00 | 121.00 | 135.00 | NOTE | |
r-patched-linux-x86_64 | 2.0.0 | NOTE | ||||
r-release-linux-x86_64 | 2.0.0 | 11.74 | 139.12 | 150.86 | NOTE | |
r-release-macos-arm64 | 2.0.0 | 57.00 | NOTE | |||
r-release-macos-x86_64 | 2.0.0 | 92.00 | NOTE | |||
r-release-windows-x86_64 | 2.0.0 | 11.00 | 118.00 | 129.00 | NOTE | |
r-oldrel-macos-arm64 | 2.0.0 | 66.00 | NOTE | |||
r-oldrel-macos-x86_64 | 2.0.0 | 100.00 | NOTE | |||
r-oldrel-windows-x86_64 | 2.0.0 | 16.00 | 147.00 | 163.00 | NOTE |
Version: 2.0.0
Check: Rd files
Result: NOTE
checkRd: (-1) confint.dr4pl.Rd:49: Escaped LaTeX specials: \&
checkRd: (-1) gof-dr4pl.Rd:40: Escaped LaTeX specials: \&
checkRd: (-1) vcov.dr4pl.Rd:61: Escaped LaTeX specials: \&
Flavors: r-devel-linux-x86_64-debian-clang, r-devel-linux-x86_64-debian-gcc, r-devel-linux-x86_64-fedora-clang, r-devel-linux-x86_64-fedora-gcc, r-devel-windows-x86_64, r-patched-linux-x86_64, r-release-linux-x86_64, r-release-macos-arm64, r-release-macos-x86_64, r-release-windows-x86_64, r-oldrel-macos-arm64, r-oldrel-macos-x86_64, r-oldrel-windows-x86_64