Last updated on 2025-11-13 01:50:18 CET.
| Flavor | Version | Tinstall | Tcheck | Ttotal | Status | Flags |
|---|---|---|---|---|---|---|
| r-devel-linux-x86_64-debian-clang | 0.3.1 | 3.45 | 32.59 | 36.04 | OK | |
| r-devel-linux-x86_64-debian-gcc | 0.3.1 | 2.44 | 25.70 | 28.14 | OK | |
| r-devel-linux-x86_64-fedora-clang | 0.3.1 | 53.22 | OK | |||
| r-devel-linux-x86_64-fedora-gcc | 0.3.1 | 50.60 | OK | |||
| r-devel-windows-x86_64 | 0.3.1 | 5.00 | 51.00 | 56.00 | OK | |
| r-patched-linux-x86_64 | 0.3.1 | 2.91 | 30.88 | 33.79 | OK | |
| r-release-linux-x86_64 | 0.3.1 | 2.96 | 30.77 | 33.73 | OK | |
| r-release-macos-arm64 | 0.3.1 | 2.00 | 21.00 | 23.00 | OK | |
| r-release-macos-x86_64 | 0.3.1 | 3.00 | 31.00 | 34.00 | OK | |
| r-release-windows-x86_64 | 0.3.1 | 6.00 | 49.00 | 55.00 | OK | |
| r-oldrel-macos-arm64 | 0.3.1 | 2.00 | 19.00 | 21.00 | NOTE | |
| r-oldrel-macos-x86_64 | 0.3.1 | 3.00 | 26.00 | 29.00 | NOTE | |
| r-oldrel-windows-x86_64 | 0.3.1 | 8.00 | 58.00 | 66.00 | NOTE |
Version: 0.3.1
Check: LazyData
Result: NOTE
'LazyData' is specified without a 'data' directory
Flavors: r-oldrel-macos-arm64, r-oldrel-macos-x86_64, r-oldrel-windows-x86_64