Last updated on 2025-11-19 01:48:46 CET.
| Flavor | Version | Tinstall | Tcheck | Ttotal | Status | Flags |
|---|---|---|---|---|---|---|
| r-devel-linux-x86_64-debian-clang | 0.0.2 | 3.63 | 62.64 | 66.27 | OK | |
| r-devel-linux-x86_64-debian-gcc | 0.0.2 | 2.55 | 44.18 | 46.73 | OK | |
| r-devel-linux-x86_64-fedora-clang | 0.0.2 | 16.00 | 82.37 | 98.37 | OK | |
| r-devel-linux-x86_64-fedora-gcc | 0.0.2 | 15.00 | 79.34 | 94.34 | OK | |
| r-devel-windows-x86_64 | 0.0.2 | 6.00 | 77.00 | 83.00 | OK | |
| r-patched-linux-x86_64 | 0.0.2 | 4.20 | 51.60 | 55.80 | OK | |
| r-release-linux-x86_64 | 0.0.2 | 2.78 | 51.66 | 54.44 | OK | |
| r-release-macos-arm64 | 0.0.2 | 2.00 | 27.00 | 29.00 | OK | |
| r-release-macos-x86_64 | 0.0.2 | 3.00 | 49.00 | 52.00 | OK | |
| r-release-windows-x86_64 | 0.0.2 | 4.00 | 76.00 | 80.00 | OK | |
| r-oldrel-macos-arm64 | 0.0.2 | 2.00 | 32.00 | 34.00 | NOTE | |
| r-oldrel-macos-x86_64 | 0.0.2 | 6.00 | 56.00 | 62.00 | NOTE | |
| r-oldrel-windows-x86_64 | 0.0.2 | 6.00 | 94.00 | 100.00 | NOTE |
Version: 0.0.2
Check: package dependencies
Result: NOTE
Package suggested but not available for checking: ‘dtlg.data’
Flavors: r-oldrel-macos-arm64, r-oldrel-macos-x86_64, r-oldrel-windows-x86_64