Last updated on 2024-07-27 01:53:10 CEST.
Flavor | Version | Tinstall | Tcheck | Ttotal | Status | Flags |
---|---|---|---|---|---|---|
r-devel-linux-x86_64-debian-clang | 1.0.2 | 10.97 | 105.12 | 116.09 | NOTE | |
r-devel-linux-x86_64-debian-gcc | 1.0.2 | 9.86 | 79.21 | 89.07 | NOTE | |
r-devel-linux-x86_64-fedora-clang | 1.0.2 | 151.64 | NOTE | |||
r-devel-linux-x86_64-fedora-gcc | 1.0.2 | 137.68 | NOTE | |||
r-devel-windows-x86_64 | 1.0.2 | 11.00 | 92.00 | 103.00 | NOTE | |
r-patched-linux-x86_64 | 1.0.2 | NOTE | ||||
r-release-linux-x86_64 | 1.0.2 | 9.26 | 98.16 | 107.42 | NOTE | |
r-release-macos-arm64 | 1.0.2 | 44.00 | NOTE | |||
r-release-macos-x86_64 | 1.0.2 | 66.00 | NOTE | |||
r-release-windows-x86_64 | 1.0.2 | 10.00 | 92.00 | 102.00 | NOTE | |
r-oldrel-macos-arm64 | 1.0.2 | 46.00 | NOTE | |||
r-oldrel-macos-x86_64 | 1.0.2 | 76.00 | NOTE | |||
r-oldrel-windows-x86_64 | 1.0.2 | 13.00 | 112.00 | 125.00 | NOTE |
Version: 1.0.2
Check: LazyData
Result: NOTE
'LazyData' is specified without a 'data' directory
Flavors: r-devel-linux-x86_64-debian-clang, r-devel-linux-x86_64-debian-gcc, r-devel-linux-x86_64-fedora-clang, r-devel-linux-x86_64-fedora-gcc, r-devel-windows-x86_64, r-patched-linux-x86_64, r-release-linux-x86_64, r-release-macos-arm64, r-release-macos-x86_64, r-release-windows-x86_64, r-oldrel-macos-arm64, r-oldrel-macos-x86_64, r-oldrel-windows-x86_64