Last updated on 2024-07-27 01:53:10 CEST.
Flavor | Version | Tinstall | Tcheck | Ttotal | Status | Flags |
---|---|---|---|---|---|---|
r-devel-linux-x86_64-debian-clang | 1.3.3 | 16.92 | 359.01 | 375.93 | OK | |
r-devel-linux-x86_64-debian-gcc | 1.3.3 | 14.05 | 273.39 | 287.44 | NOTE | |
r-devel-linux-x86_64-fedora-clang | 1.3.3 | 460.68 | NOTE | |||
r-devel-linux-x86_64-fedora-gcc | 1.3.3 | 451.71 | NOTE | |||
r-devel-windows-x86_64 | 1.3.3 | 17.00 | 326.00 | 343.00 | NOTE | |
r-patched-linux-x86_64 | 1.3.3 | OK | ||||
r-release-linux-x86_64 | 1.3.3 | 12.49 | 339.35 | 351.84 | OK | |
r-release-macos-arm64 | 1.3.3 | 126.00 | OK | |||
r-release-macos-x86_64 | 1.3.3 | 263.00 | OK | |||
r-release-windows-x86_64 | 1.3.3 | 16.00 | 321.00 | 337.00 | OK | |
r-oldrel-macos-arm64 | 1.3.3 | 168.00 | OK | |||
r-oldrel-macos-x86_64 | 1.3.3 | 383.00 | OK | |||
r-oldrel-windows-x86_64 | 1.3.3 | 21.00 | 383.00 | 404.00 | OK |
Version: 1.3.3
Check: Rd cross-references
Result: NOTE
Found the following Rd file(s) with Rd \link{} targets missing package
anchors:
join_vars_to_ontol.Rd: tidygraph
metavariable_agg.Rd: tidygraph
Please provide package anchors for all Rd \link{} targets not in the
package itself and the base packages.
Flavors: r-devel-linux-x86_64-debian-gcc, r-devel-windows-x86_64
Version: 1.3.3
Check: data for non-ASCII characters
Result: NOTE
Note: found 7 marked UTF-8 strings
Flavors: r-devel-linux-x86_64-fedora-clang, r-devel-linux-x86_64-fedora-gcc