CRAN Package Check Results for Package easyDifferentialGeneCoexpression

Last updated on 2025-02-11 01:49:06 CET.

Flavor Version Tinstall Tcheck Ttotal Status Flags
r-devel-linux-x86_64-debian-clang 1.4 41.44 355.86 397.30 ERROR
r-devel-linux-x86_64-debian-gcc 1.4 28.47 247.37 275.84 ERROR
r-devel-linux-x86_64-fedora-clang 1.4 668.49 ERROR
r-devel-linux-x86_64-fedora-gcc 1.4 626.06 ERROR
r-devel-windows-x86_64 1.4 42.00 284.00 326.00 ERROR
r-patched-linux-x86_64 1.4 36.29 325.17 361.46 ERROR
r-release-linux-x86_64 1.4 37.04 324.33 361.37 ERROR
r-release-macos-arm64 1.4 179.00 OK
r-release-macos-x86_64 1.4 256.00 OK
r-release-windows-x86_64 1.4 42.00 283.00 325.00 ERROR
r-oldrel-macos-arm64 1.4 168.00 OK
r-oldrel-macos-x86_64 1.4 345.00 OK
r-oldrel-windows-x86_64 1.4 53.00 389.00 442.00 ERROR

Check Details

Version: 1.4
Check: examples
Result: ERROR Running examples in ‘easyDifferentialGeneCoexpression-Ex.R’ failed The error most likely occurred in: > base::assign(".ptime", proc.time(), pos = "CheckExEnv") > ### Name: easyDifferentialGeneCoexpression > ### Title: Function that computes the differential coexpression of a list > ### of probesets in a specific dataset and returns the most significant > ### pairs > ### Aliases: easyDifferentialGeneCoexpression > > ### ** Examples > > > probesetList <- c("200738_s_at", "217356_s_at", "206686_at") > verboseFlag <- "TRUE" > batchCorrection <- "TRUE" > signDiffCoexpressGenePairs <- easyDifferentialGeneCoexpression(probesetList, + "GSE3268", "description", "Normal", "Tumor", verboseFlag) Processed URL: https://ftp.ncbi.nlm.nih.gov/geo/series/GSE3nnn/GSE3268 Found 1 file(s) GSE3268_series_matrix.txt.gz Error in .Call(R_curl_fetch_memory, enc2utf8(url), handle, nonblocking) : reached elapsed time limit Execution halted Flavors: r-devel-linux-x86_64-debian-clang, r-devel-linux-x86_64-debian-gcc, r-patched-linux-x86_64, r-release-linux-x86_64

Version: 1.4
Check: examples
Result: ERROR Running examples in ‘easyDifferentialGeneCoexpression-Ex.R’ failed The error most likely occurred in: > ### Name: easyDifferentialGeneCoexpression > ### Title: Function that computes the differential coexpression of a list > ### of probesets in a specific dataset and returns the most significant > ### pairs > ### Aliases: easyDifferentialGeneCoexpression > > ### ** Examples > > > probesetList <- c("200738_s_at", "217356_s_at", "206686_at") > verboseFlag <- "TRUE" > batchCorrection <- "TRUE" > signDiffCoexpressGenePairs <- easyDifferentialGeneCoexpression(probesetList, + "GSE3268", "description", "Normal", "Tumor", verboseFlag) Processed URL: https://ftp.ncbi.nlm.nih.gov/geo/series/GSE3nnn/GSE3268 Found 1 file(s) GSE3268_series_matrix.txt.gz Error in .Call(R_curl_fetch_memory, enc2utf8(url), handle, nonblocking) : reached elapsed time limit Execution halted Flavors: r-devel-linux-x86_64-fedora-clang, r-devel-linux-x86_64-fedora-gcc, r-devel-windows-x86_64, r-release-windows-x86_64

Version: 1.4
Check: examples
Result: ERROR Running examples in 'easyDifferentialGeneCoexpression-Ex.R' failed The error most likely occurred in: > ### Name: easyDifferentialGeneCoexpression > ### Title: Function that computes the differential coexpression of a list > ### of probesets in a specific dataset and returns the most significant > ### pairs > ### Aliases: easyDifferentialGeneCoexpression > > ### ** Examples > > > probesetList <- c("200738_s_at", "217356_s_at", "206686_at") > verboseFlag <- "TRUE" > batchCorrection <- "TRUE" > signDiffCoexpressGenePairs <- easyDifferentialGeneCoexpression(probesetList, + "GSE3268", "description", "Normal", "Tumor", verboseFlag) Processed URL: https://ftp.ncbi.nlm.nih.gov/geo/series/GSE3nnn/GSE3268 Found 1 file(s) GSE3268_series_matrix.txt.gz Error in .Call(R_download_curl, url, tmp, quiet, mode, handle, nonblocking) : reached elapsed time limit Execution halted Flavor: r-oldrel-windows-x86_64