Last updated on 2025-05-05 01:50:45 CEST.
Flavor | Version | Tinstall | Tcheck | Ttotal | Status | Flags |
---|---|---|---|---|---|---|
r-devel-linux-x86_64-debian-clang | 2.0.1 | 1.75 | 17.88 | 19.63 | NOTE | |
r-devel-linux-x86_64-debian-gcc | 2.0.1 | 1.27 | 13.80 | 15.07 | NOTE | |
r-devel-linux-x86_64-fedora-clang | 2.0.1 | 30.10 | OK | |||
r-devel-linux-x86_64-fedora-gcc | 2.0.1 | 29.17 | OK | |||
r-devel-windows-x86_64 | 2.0.1 | 3.00 | 37.00 | 40.00 | OK | |
r-patched-linux-x86_64 | 2.0.1 | 1.71 | 16.89 | 18.60 | OK | |
r-release-linux-x86_64 | 2.0.1 | 1.58 | 17.38 | 18.96 | OK | |
r-release-macos-arm64 | 2.0.1 | 16.00 | OK | |||
r-release-macos-x86_64 | 2.0.1 | 22.00 | OK | |||
r-release-windows-x86_64 | 2.0.1 | 2.00 | 39.00 | 41.00 | OK | |
r-oldrel-macos-arm64 | 2.0.1 | 15.00 | OK | |||
r-oldrel-macos-x86_64 | 2.0.1 | 20.00 | OK | |||
r-oldrel-windows-x86_64 | 2.0.1 | 3.00 | 36.00 | 39.00 | OK |
Version: 2.0.1
Check: CRAN incoming feasibility
Result: NOTE
Maintainer: ‘Gongyi Huang<53hgy@163.com>’
No Authors@R field in DESCRIPTION.
Please add one, modifying
Authors@R: c(person(given = "Na",
family = "You",
role = "aut",
email = "youn@mail.sysu.edu.cn"),
person(given = "Gongyi",
family = "Huang",
role = c("aut", "cre"),
email = "53hgy@163.com"))
as necessary.
Flavors: r-devel-linux-x86_64-debian-clang, r-devel-linux-x86_64-debian-gcc