Last updated on 2025-11-13 01:50:19 CET.
| Flavor | Version | Tinstall | Tcheck | Ttotal | Status | Flags |
|---|---|---|---|---|---|---|
| r-devel-linux-x86_64-debian-clang | 1.2.8 | 6.41 | 29.88 | 36.29 | NOTE | |
| r-devel-linux-x86_64-debian-gcc | 1.2.8 | 5.10 | 23.63 | 28.73 | NOTE | |
| r-devel-linux-x86_64-fedora-clang | 1.2.8 | 16.00 | 39.37 | 55.37 | OK | |
| r-devel-linux-x86_64-fedora-gcc | 1.2.8 | 17.00 | 37.07 | 54.07 | OK | |
| r-devel-windows-x86_64 | 1.2.8 | 11.00 | 51.00 | 62.00 | OK | |
| r-patched-linux-x86_64 | 1.2.8 | 5.96 | 28.52 | 34.48 | OK | |
| r-release-linux-x86_64 | 1.2.8 | 7.09 | 28.44 | 35.53 | OK | |
| r-release-macos-arm64 | 1.2.8 | 5.00 | 20.00 | 25.00 | OK | |
| r-release-macos-x86_64 | 1.2.8 | 10.00 | 27.00 | 37.00 | OK | |
| r-release-windows-x86_64 | 1.2.8 | 11.00 | 51.00 | 62.00 | OK | |
| r-oldrel-macos-arm64 | 1.2.8 | 4.00 | 16.00 | 20.00 | OK | |
| r-oldrel-macos-x86_64 | 1.2.8 | 6.00 | 25.00 | 31.00 | OK | |
| r-oldrel-windows-x86_64 | 1.2.8 | 13.00 | 57.00 | 70.00 | OK |
Version: 1.2.8
Check: CRAN incoming feasibility
Result: NOTE
Maintainer: ‘Andrea Rau <andrea.rau@inra.fr>’
No Authors@R field in DESCRIPTION.
Please add one, modifying
Authors@R: person(given = "Andrea",
family = "Rau",
role = c("aut", "cre"),
email = "andrea.rau@inra.fr")
as necessary.
Flavors: r-devel-linux-x86_64-debian-clang, r-devel-linux-x86_64-debian-gcc