Last updated on 2024-07-27 01:53:10 CEST.
Flavor | Version | Tinstall | Tcheck | Ttotal | Status | Flags |
---|---|---|---|---|---|---|
r-devel-linux-x86_64-debian-clang | 0.1.0 | 6.00 | 192.85 | 198.85 | OK | |
r-devel-linux-x86_64-debian-gcc | 0.1.0 | 6.47 | 129.87 | 136.34 | OK | |
r-devel-linux-x86_64-fedora-clang | 0.1.0 | 265.77 | NOTE | |||
r-devel-linux-x86_64-fedora-gcc | 0.1.0 | 255.96 | NOTE | |||
r-devel-windows-x86_64 | 0.1.0 | 10.00 | 180.00 | 190.00 | OK | |
r-patched-linux-x86_64 | 0.1.0 | OK | ||||
r-release-linux-x86_64 | 0.1.0 | 4.46 | 195.17 | 199.63 | OK | |
r-release-macos-arm64 | 0.1.0 | 81.00 | OK | |||
r-release-macos-x86_64 | 0.1.0 | 128.00 | OK | |||
r-release-windows-x86_64 | 0.1.0 | 8.00 | 184.00 | 192.00 | OK | |
r-oldrel-macos-arm64 | 0.1.0 | 86.00 | OK | |||
r-oldrel-macos-x86_64 | 0.1.0 | 153.00 | OK | |||
r-oldrel-windows-x86_64 | 0.1.0 | 10.00 | 241.00 | 251.00 | OK |
Version: 0.1.0
Check: dependencies in R code
Result: NOTE
Namespace in Imports field not imported from: ‘pander’
All declared Imports should be used.
Flavors: r-devel-linux-x86_64-fedora-clang, r-devel-linux-x86_64-fedora-gcc