Last updated on 2025-02-21 02:52:10 CET.
Flavor | Version | Tinstall | Tcheck | Ttotal | Status | Flags |
---|---|---|---|---|---|---|
r-devel-linux-x86_64-debian-clang | 0.1.1 | 12.27 | 36.35 | 48.62 | NOTE | |
r-devel-linux-x86_64-debian-gcc | 0.1.1 | 8.84 | 27.67 | 36.51 | NOTE | |
r-devel-linux-x86_64-fedora-clang | 0.1.1 | 83.42 | OK | |||
r-devel-linux-x86_64-fedora-gcc | 0.1.1 | 78.77 | OK | |||
r-devel-macos-arm64 | 0.1.1 | 27.00 | OK | |||
r-devel-macos-x86_64 | 0.1.1 | 45.00 | OK | |||
r-devel-windows-x86_64 | 0.1.1 | 15.00 | 73.00 | 88.00 | NOTE | |
r-patched-linux-x86_64 | 0.1.1 | 13.29 | 34.46 | 47.75 | OK | |
r-release-linux-x86_64 | 0.1.1 | 13.23 | 34.56 | 47.79 | OK | |
r-release-macos-arm64 | 0.1.1 | 26.00 | OK | |||
r-release-macos-x86_64 | 0.1.1 | 38.00 | OK | |||
r-release-windows-x86_64 | 0.1.1 | 15.00 | 72.00 | 87.00 | OK | |
r-oldrel-macos-arm64 | 0.1.1 | 34.00 | OK | |||
r-oldrel-macos-x86_64 | 0.1.1 | 71.00 | OK | |||
r-oldrel-windows-x86_64 | 0.1.1 | 16.00 | 103.00 | 119.00 | OK |
Version: 0.1.1
Check: Rd cross-references
Result: NOTE
Found the following Rd file(s) with Rd \link{} targets missing package
anchors:
glenan.Rd: envelope
glomel.Rd: envelope
Please provide package anchors for all Rd \link{} targets not in the
package itself and the base packages.
Flavors: r-devel-linux-x86_64-debian-clang, r-devel-linux-x86_64-debian-gcc, r-devel-windows-x86_64