CRAN Package Check Results for Package edgeCorr

Last updated on 2025-05-24 01:51:19 CEST.

Flavor Version Tinstall Tcheck Ttotal Status Flags
r-devel-linux-x86_64-debian-clang 1.0 1.70 20.03 21.73 NOTE
r-devel-linux-x86_64-debian-gcc 1.0 1.38 16.50 17.88 NOTE
r-devel-linux-x86_64-fedora-clang 1.0 33.85 OK
r-devel-linux-x86_64-fedora-gcc 1.0 33.00 OK
r-devel-windows-x86_64 1.0 4.00 55.00 59.00 OK
r-patched-linux-x86_64 1.0 1.52 19.47 20.99 OK
r-release-linux-x86_64 1.0 1.76 19.29 21.05 OK
r-release-macos-arm64 1.0 18.00 OK
r-release-macos-x86_64 1.0 25.00 OK
r-release-windows-x86_64 1.0 4.00 49.00 53.00 OK
r-oldrel-macos-arm64 1.0 16.00 OK
r-oldrel-macos-x86_64 1.0 23.00 OK
r-oldrel-windows-x86_64 1.0 3.00 46.00 49.00 OK

Check Details

Version: 1.0
Check: CRAN incoming feasibility
Result: NOTE Maintainer: ‘Glenna Nightingale <glenna.evans@gmail.com>’ No Authors@R field in DESCRIPTION. Please add one, modifying Authors@R: person(given = "Glenna", family = "Nightingale", role = c("aut", "cre"), email = "glenna.evans@gmail.com") as necessary. Flavors: r-devel-linux-x86_64-debian-clang, r-devel-linux-x86_64-debian-gcc