Last updated on 2024-07-27 01:53:10 CEST.
Flavor | Version | Tinstall | Tcheck | Ttotal | Status | Flags |
---|---|---|---|---|---|---|
r-devel-linux-x86_64-debian-clang | 0.8.9 | 12.11 | 392.17 | 404.28 | OK | |
r-devel-linux-x86_64-debian-gcc | 0.8.9 | 9.30 | 282.76 | 292.06 | OK | |
r-devel-linux-x86_64-fedora-clang | 0.8.9 | 499.92 | OK | |||
r-devel-linux-x86_64-fedora-gcc | 0.8.9 | 490.50 | OK | |||
r-devel-windows-x86_64 | 0.8.9 | 10.00 | 280.00 | 290.00 | OK | |
r-patched-linux-x86_64 | 0.8.9 | OK | ||||
r-release-linux-x86_64 | 0.8.9 | 9.16 | 385.85 | 395.01 | OK | |
r-release-macos-arm64 | 0.8.9 | 159.00 | OK | |||
r-release-macos-x86_64 | 0.8.9 | 385.00 | OK | |||
r-release-windows-x86_64 | 0.8.9 | 12.00 | 269.00 | 281.00 | OK | |
r-oldrel-macos-arm64 | 0.8.9 | 10.00 | ERROR | |||
r-oldrel-macos-x86_64 | 0.8.9 | 12.00 | ERROR | |||
r-oldrel-windows-x86_64 | 0.8.9 | 18.00 | 340.00 | 358.00 | OK |
Version: 0.8.9
Check: package dependencies
Result: ERROR
Package required and available but unsuitable version: ‘datawizard’
See section ‘The DESCRIPTION file’ in the ‘Writing R Extensions’
manual.
Flavors: r-oldrel-macos-arm64, r-oldrel-macos-x86_64