Last updated on 2025-05-07 01:49:55 CEST.
Flavor | Version | Tinstall | Tcheck | Ttotal | Status | Flags |
---|---|---|---|---|---|---|
r-devel-linux-x86_64-debian-clang | 2.4 | 722.17 | 165.88 | 888.05 | NOTE | |
r-devel-linux-x86_64-debian-gcc | 2.4 | 691.97 | 172.55 | 864.52 | NOTE | |
r-devel-linux-x86_64-fedora-clang | 2.4 | 1399.02 | OK | |||
r-devel-linux-x86_64-fedora-gcc | 2.4 | 2299.25 | OK | |||
r-devel-windows-x86_64 | 2.4 | 881.00 | 255.00 | 1136.00 | NOTE | |
r-patched-linux-x86_64 | 2.4 | 874.03 | 240.69 | 1114.72 | NOTE | |
r-release-linux-x86_64 | 2.4 | 868.38 | 240.31 | 1108.69 | NOTE | |
r-release-macos-arm64 | 2.4 | 366.00 | OK | |||
r-release-macos-x86_64 | 2.4 | 508.00 | OK | |||
r-release-windows-x86_64 | 2.4 | 847.00 | 245.00 | 1092.00 | NOTE | |
r-oldrel-macos-arm64 | 2.4 | 209.00 | NOTE | |||
r-oldrel-macos-x86_64 | 2.4 | 208.00 | NOTE | |||
r-oldrel-windows-x86_64 | 2.4 | 968.00 | 300.00 | 1268.00 | NOTE |
Version: 2.4
Check: Rd cross-references
Result: NOTE
Found the following Rd file(s) with Rd \link{} targets missing package
anchors:
plotCounts.Rd: xyplot
Please provide package anchors for all Rd \link{} targets not in the
package itself and the base packages.
Flavors: r-devel-linux-x86_64-debian-clang, r-devel-linux-x86_64-debian-gcc, r-devel-windows-x86_64, r-patched-linux-x86_64, r-release-linux-x86_64, r-release-windows-x86_64
Version: 2.4
Check: package dependencies
Result: NOTE
Package suggested but not available for checking: ‘eggCountsExtra’
Flavors: r-oldrel-macos-arm64, r-oldrel-macos-x86_64, r-oldrel-windows-x86_64
Version: 2.4
Check: installed package size
Result: NOTE
installed size is 106.4Mb
sub-directories of 1Mb or more:
libs 105.7Mb
Flavors: r-oldrel-macos-arm64, r-oldrel-macos-x86_64, r-oldrel-windows-x86_64
Version: 2.4
Check: for GNU extensions in Makefiles
Result: NOTE
GNU make is a SystemRequirements.
Flavors: r-oldrel-macos-arm64, r-oldrel-macos-x86_64, r-oldrel-windows-x86_64