Last updated on 2025-11-13 01:50:19 CET.
| Flavor | Version | Tinstall | Tcheck | Ttotal | Status | Flags |
|---|---|---|---|---|---|---|
| r-devel-linux-x86_64-debian-clang | 0.9.0 | 97.35 | 29.19 | 126.54 | OK | |
| r-devel-linux-x86_64-debian-gcc | 0.9.0 | 74.87 | 32.26 | 107.13 | OK | |
| r-devel-linux-x86_64-fedora-clang | 0.9.0 | 97.00 | 117.67 | 214.67 | OK | |
| r-devel-linux-x86_64-fedora-gcc | 0.9.0 | 156.00 | 76.81 | 232.81 | OK | |
| r-devel-windows-x86_64 | 0.9.0 | 103.00 | 79.00 | 182.00 | OK | |
| r-patched-linux-x86_64 | 0.9.0 | 104.78 | 39.11 | 143.89 | OK | |
| r-release-linux-x86_64 | 0.9.0 | 98.86 | 39.18 | 138.04 | OK | |
| r-release-macos-arm64 | 0.9.0 | 37.00 | 17.00 | 54.00 | OK | |
| r-release-macos-x86_64 | 0.9.0 | 59.00 | 32.00 | 91.00 | OK | |
| r-release-windows-x86_64 | 0.9.0 | 99.00 | 76.00 | 175.00 | OK | |
| r-oldrel-macos-arm64 | 0.9.0 | 43.00 | 16.00 | 59.00 | NOTE | |
| r-oldrel-macos-x86_64 | 0.9.0 | 34.00 | 23.00 | 57.00 | NOTE | |
| r-oldrel-windows-x86_64 | 0.9.0 | 122.00 | 91.00 | 213.00 | OK |
Version: 0.9.0
Check: installed package size
Result: NOTE
installed size is 39.2Mb
sub-directories of 1Mb or more:
libs 39.1Mb
Flavors: r-oldrel-macos-arm64, r-oldrel-macos-x86_64