Last updated on 2024-07-27 01:53:10 CEST.
Flavor | Version | Tinstall | Tcheck | Ttotal | Status | Flags |
---|---|---|---|---|---|---|
r-devel-linux-x86_64-debian-clang | 0.1.19 | 48.62 | 664.79 | 713.41 | OK | |
r-devel-linux-x86_64-debian-gcc | 0.1.19 | 36.37 | 480.84 | 517.21 | NOTE | |
r-devel-linux-x86_64-fedora-clang | 0.1.19 | 875.97 | OK | |||
r-devel-linux-x86_64-fedora-gcc | 0.1.19 | 864.14 | OK | |||
r-devel-windows-x86_64 | 0.1.19 | 30.00 | 428.00 | 458.00 | NOTE | |
r-patched-linux-x86_64 | 0.1.19 | OK | ||||
r-release-linux-x86_64 | 0.1.19 | 37.13 | 641.16 | 678.29 | OK | |
r-release-macos-arm64 | 0.1.19 | 392.00 | OK | |||
r-release-macos-x86_64 | 0.1.19 | 408.00 | OK | |||
r-release-windows-x86_64 | 0.1.19 | 30.00 | 412.00 | 442.00 | OK | |
r-oldrel-macos-arm64 | 0.1.19 | 248.00 | OK | |||
r-oldrel-macos-x86_64 | 0.1.19 | 580.00 | OK | |||
r-oldrel-windows-x86_64 | 0.1.19 | 38.00 | 475.00 | 513.00 | OK |
Version: 0.1.19
Check: Rd cross-references
Result: NOTE
Found the following Rd file(s) with Rd \link{} targets missing package
anchors:
envi-package.Rd: sparr, spatstat.geom, sf, terra, future, doFuture,
doRNG, foreach
lrren.Rd: future, doFuture, doRNG, foreach
perlrren.Rd: future, doFuture, doRNG, foreach
Please provide package anchors for all Rd \link{} targets not in the
package itself and the base packages.
Flavors: r-devel-linux-x86_64-debian-gcc, r-devel-windows-x86_64