CRAN Package Check Results for Package epibasix

Last updated on 2025-05-06 02:50:18 CEST.

Flavor Version Tinstall Tcheck Ttotal Status Flags
r-devel-linux-x86_64-debian-clang 1.5 2.69 22.64 25.33 NOTE
r-devel-linux-x86_64-debian-gcc 1.5 1.91 17.04 18.95 NOTE
r-devel-linux-x86_64-fedora-clang 1.5 39.99 OK
r-devel-linux-x86_64-fedora-gcc 1.5 39.10 OK
r-devel-windows-x86_64 1.5 3.00 41.00 44.00 OK
r-patched-linux-x86_64 1.5 2.23 21.35 23.58 OK
r-release-linux-x86_64 1.5 2.58 21.23 23.81 OK
r-release-macos-arm64 1.5 16.00 OK
r-release-macos-x86_64 1.5 25.00 OK
r-release-windows-x86_64 1.5 4.00 44.00 48.00 OK
r-oldrel-macos-arm64 1.5 15.00 OK
r-oldrel-macos-x86_64 1.5 22.00 OK
r-oldrel-windows-x86_64 1.5 4.00 40.00 44.00 OK

Check Details

Version: 1.5
Check: CRAN incoming feasibility
Result: NOTE Maintainer: ‘Michael A Rotondi <mrotondi@yorku.ca>’ No Authors@R field in DESCRIPTION. Please add one, modifying Authors@R: person(given = c("Michael", "A"), family = "Rotondi", role = c("aut", "cre"), email = "mrotondi@yorku.ca") as necessary. Flavors: r-devel-linux-x86_64-debian-clang, r-devel-linux-x86_64-debian-gcc