Last updated on 2025-02-14 02:49:42 CET.
Flavor | Version | Tinstall | Tcheck | Ttotal | Status | Flags |
---|---|---|---|---|---|---|
r-devel-linux-x86_64-debian-clang | 1.3.0 | 19.93 | 157.54 | 177.47 | NOTE | |
r-devel-linux-x86_64-debian-gcc | 1.3.0 | 11.20 | 102.79 | 113.99 | NOTE | |
r-devel-linux-x86_64-fedora-clang | 1.3.0 | 282.84 | OK | |||
r-devel-linux-x86_64-fedora-gcc | 1.3.0 | 282.07 | OK | |||
r-devel-windows-x86_64 | 1.3.0 | 20.00 | 156.00 | 176.00 | NOTE | |
r-patched-linux-x86_64 | 1.3.0 | 14.79 | 142.76 | 157.55 | OK | |
r-release-linux-x86_64 | 1.3.0 | 16.22 | 146.63 | 162.85 | OK | |
r-release-macos-arm64 | 1.3.0 | 79.00 | OK | |||
r-release-macos-x86_64 | 1.3.0 | 126.00 | OK | |||
r-release-windows-x86_64 | 1.3.0 | 17.00 | 160.00 | 177.00 | OK | |
r-oldrel-macos-arm64 | 1.3.0 | 79.00 | OK | |||
r-oldrel-macos-x86_64 | 1.3.0 | 179.00 | OK | |||
r-oldrel-windows-x86_64 | 1.3.0 | 24.00 | 188.00 | 212.00 | OK |
Version: 1.3.0
Check: Rd cross-references
Result: NOTE
Found the following Rd file(s) with Rd \link{} targets missing package
anchors:
boot.bias.Rd: boot
plot.episensr.booted.Rd: boot
Please provide package anchors for all Rd \link{} targets not in the
package itself and the base packages.
Flavors: r-devel-linux-x86_64-debian-clang, r-devel-linux-x86_64-debian-gcc, r-devel-windows-x86_64