Last updated on 2024-07-27 01:53:11 CEST.
Flavor | Version | Tinstall | Tcheck | Ttotal | Status | Flags |
---|---|---|---|---|---|---|
r-devel-linux-x86_64-debian-clang | 0.1.2 | 91.38 | 173.41 | 264.79 | OK | |
r-devel-linux-x86_64-debian-gcc | 0.1.2 | 37.48 | 132.41 | 169.89 | NOTE | |
r-devel-linux-x86_64-fedora-clang | 0.1.2 | 291.49 | OK | |||
r-devel-linux-x86_64-fedora-gcc | 0.1.2 | 299.83 | OK | |||
r-devel-windows-x86_64 | 0.1.2 | 40.00 | 172.00 | 212.00 | NOTE | |
r-patched-linux-x86_64 | 0.1.2 | OK | ||||
r-release-linux-x86_64 | 0.1.2 | 31.01 | 163.41 | 194.42 | OK | |
r-release-macos-arm64 | 0.1.2 | 83.00 | OK | |||
r-release-macos-x86_64 | 0.1.2 | 139.00 | OK | |||
r-release-windows-x86_64 | 0.1.2 | 41.00 | 168.00 | 209.00 | OK | |
r-oldrel-macos-arm64 | 0.1.2 | 87.00 | OK | |||
r-oldrel-macos-x86_64 | 0.1.2 | 226.00 | OK | |||
r-oldrel-windows-x86_64 | 0.1.2 | 50.00 | 204.00 | 254.00 | OK |
Version: 0.1.2
Check: Rd cross-references
Result: NOTE
Found the following Rd file(s) with Rd \link{} targets missing package
anchors:
multiec.Rd: modIRT
Please provide package anchors for all Rd \link{} targets not in the
package itself and the base packages.
Flavors: r-devel-linux-x86_64-debian-gcc, r-devel-windows-x86_64