Last updated on 2025-05-07 01:49:56 CEST.
Flavor | Version | Tinstall | Tcheck | Ttotal | Status | Flags |
---|---|---|---|---|---|---|
r-devel-linux-x86_64-debian-clang | 1.1.2 | 46.89 | 129.89 | 176.78 | OK | |
r-devel-linux-x86_64-debian-gcc | 1.1.2 | 32.94 | 94.89 | 127.83 | OK | |
r-devel-linux-x86_64-fedora-clang | 1.1.2 | 335.47 | OK | |||
r-devel-linux-x86_64-fedora-gcc | 1.1.2 | 310.37 | OK | |||
r-devel-windows-x86_64 | 1.1.2 | 49.00 | 151.00 | 200.00 | OK | |
r-patched-linux-x86_64 | 1.1.1 | 41.23 | 127.16 | 168.39 | OK | |
r-release-linux-x86_64 | 1.1.2 | 42.74 | 125.32 | 168.06 | OK | |
r-release-macos-arm64 | 1.1.2 | 85.00 | OK | |||
r-release-macos-x86_64 | 1.1.2 | 159.00 | OK | |||
r-release-windows-x86_64 | 1.1.2 | 45.00 | 150.00 | 195.00 | OK | |
r-oldrel-macos-arm64 | 1.1.2 | 91.00 | NOTE | |||
r-oldrel-macos-x86_64 | 1.1.2 | 157.00 | OK | |||
r-oldrel-windows-x86_64 | 1.1.2 | 39.00 | 188.00 | 227.00 | OK |
Version: 1.1.2
Check: installed package size
Result: NOTE
installed size is 5.3Mb
sub-directories of 1Mb or more:
doc 1.0Mb
libs 4.0Mb
Flavor: r-oldrel-macos-arm64