Last updated on 2025-10-25 01:50:58 CEST.
| Flavor | Version | Tinstall | Tcheck | Ttotal | Status | Flags |
|---|---|---|---|---|---|---|
| r-devel-linux-x86_64-debian-clang | 1.2.2 | 17.39 | 83.62 | 101.01 | NOTE | |
| r-devel-linux-x86_64-debian-gcc | 1.2.2 | 12.23 | 63.15 | 75.38 | NOTE | |
| r-devel-linux-x86_64-fedora-clang | 1.2.2 | 54.00 | 133.33 | 187.33 | OK | |
| r-devel-linux-x86_64-fedora-gcc | 1.2.2 | 50.00 | 124.93 | 174.93 | OK | |
| r-devel-windows-x86_64 | 1.2.2 | 22.00 | 240.00 | 262.00 | OK | |
| r-patched-linux-x86_64 | 1.2.2 | 18.94 | 84.09 | 103.03 | OK | |
| r-release-linux-x86_64 | 1.2.2 | 17.58 | 84.03 | 101.61 | OK | |
| r-release-macos-arm64 | 1.2.2 | 7.00 | 43.00 | 50.00 | OK | |
| r-release-macos-x86_64 | 1.2.2 | 9.00 | 113.00 | 122.00 | OK | |
| r-release-windows-x86_64 | 1.2.2 | 23.00 | 245.00 | 268.00 | OK | |
| r-oldrel-macos-arm64 | 1.2.2 | 7.00 | 35.00 | 42.00 | NOTE | |
| r-oldrel-macos-x86_64 | 1.2.2 | 10.00 | 54.00 | 64.00 | NOTE | |
| r-oldrel-windows-x86_64 | 1.2.2 | 24.00 | 205.00 | 229.00 | NOTE |
Version: 1.2.2
Check: CRAN incoming feasibility
Result: NOTE
Maintainer: ‘Housen Li <housen.li@outlook.com>’
The Description field contains
<arXiv:1612.07216>.
Please refer to arXiv e-prints via their arXiv DOI <doi:10.48550/arXiv.YYMM.NNNNN>.
Flavors: r-devel-linux-x86_64-debian-clang, r-devel-linux-x86_64-debian-gcc
Version: 1.2.2
Check: LazyData
Result: NOTE
'LazyData' is specified without a 'data' directory
Flavors: r-oldrel-macos-arm64, r-oldrel-macos-x86_64, r-oldrel-windows-x86_64