Last updated on 2024-07-27 01:53:11 CEST.
Flavor | Version | Tinstall | Tcheck | Ttotal | Status | Flags |
---|---|---|---|---|---|---|
r-devel-linux-x86_64-debian-clang | 1.0.10 | 24.38 | 145.37 | 169.75 | OK | |
r-devel-linux-x86_64-debian-gcc | 1.0.10 | 15.26 | 112.99 | 128.25 | OK | |
r-devel-linux-x86_64-fedora-clang | 1.0.10 | 218.05 | NOTE | |||
r-devel-linux-x86_64-fedora-gcc | 1.0.10 | 229.94 | NOTE | |||
r-devel-windows-x86_64 | 1.0.10 | 20.00 | 166.00 | 186.00 | OK | |
r-patched-linux-x86_64 | 1.0.10 | OK | ||||
r-release-linux-x86_64 | 1.0.10 | 17.61 | 141.85 | 159.46 | OK | |
r-release-macos-arm64 | 1.0.10 | 77.00 | OK | |||
r-release-macos-x86_64 | 1.0.10 | 195.00 | OK | |||
r-release-windows-x86_64 | 1.0.10 | 20.00 | 162.00 | 182.00 | OK | |
r-oldrel-macos-arm64 | 1.0.10 | 90.00 | OK | |||
r-oldrel-macos-x86_64 | 1.0.10 | 142.00 | OK | |||
r-oldrel-windows-x86_64 | 1.0.10 | 26.00 | 185.00 | 211.00 | OK |
Version: 1.0.10
Check: Rd cross-references
Result: NOTE
Undeclared package ‘hunspell’ in Rd xrefs
Flavor: r-devel-linux-x86_64-fedora-clang
Version: 1.0.10
Check: data for non-ASCII characters
Result: NOTE
Note: found 12 marked UTF-8 strings
Flavors: r-devel-linux-x86_64-fedora-clang, r-devel-linux-x86_64-fedora-gcc