Last updated on 2025-11-13 01:50:20 CET.
| Flavor | Version | Tinstall | Tcheck | Ttotal | Status | Flags |
|---|---|---|---|---|---|---|
| r-devel-linux-x86_64-debian-clang | 1.10.0 | 231.20 | 79.64 | 310.84 | NOTE | |
| r-devel-linux-x86_64-debian-gcc | 1.10.0 | 175.18 | 53.91 | 229.09 | NOTE | |
| r-devel-linux-x86_64-fedora-clang | 1.10.0 | 1140.00 | -437.59 | 702.41 | OK | |
| r-devel-linux-x86_64-fedora-gcc | 1.10.0 | 467.00 | 153.94 | 620.94 | OK | |
| r-devel-windows-x86_64 | 1.10.0 | 311.00 | 132.00 | 443.00 | OK | |
| r-patched-linux-x86_64 | 1.10.0 | 244.28 | 76.59 | 320.87 | OK | |
| r-release-linux-x86_64 | 1.10.0 | 246.32 | 77.05 | 323.37 | OK | |
| r-release-macos-arm64 | 1.10.0 | 85.00 | 42.00 | 127.00 | OK | |
| r-release-macos-x86_64 | 1.10.0 | 77.00 | 70.00 | 147.00 | OK | |
| r-release-windows-x86_64 | 1.10.0 | 279.00 | 130.00 | 409.00 | OK | |
| r-oldrel-macos-arm64 | 1.10.0 | 84.00 | 46.00 | 130.00 | NOTE | |
| r-oldrel-macos-x86_64 | 1.10.0 | 78.00 | 55.00 | 133.00 | NOTE | |
| r-oldrel-windows-x86_64 | 1.10.0 | 353.00 | 163.00 | 516.00 | OK |
Version: 1.10.0
Check: CRAN incoming feasibility
Result: NOTE
Maintainer: ‘Tymoteusz Wolodzko <twolodzko+extraDistr@gmail.com>’
No Authors@R field in DESCRIPTION.
Please add one, modifying
Authors@R: person(given = "Tymoteusz",
family = "Wolodzko",
role = c("aut", "cre"),
email = "twolodzko+extradistr@gmail.com")
as necessary.
Flavors: r-devel-linux-x86_64-debian-clang, r-devel-linux-x86_64-debian-gcc
Version: 1.10.0
Check: installed package size
Result: NOTE
installed size is 13.6Mb
sub-directories of 1Mb or more:
libs 13.0Mb
Flavors: r-oldrel-macos-arm64, r-oldrel-macos-x86_64