CRAN Package Check Results for Package extraterrestrial

Last updated on 2025-05-06 02:50:18 CEST.

Flavor Version Tinstall Tcheck Ttotal Status Flags
r-devel-linux-x86_64-debian-clang 0.1.0 1.60 17.17 18.77 NOTE
r-devel-linux-x86_64-debian-gcc 0.1.0 1.30 14.14 15.44 NOTE
r-devel-linux-x86_64-fedora-clang 0.1.0 28.86 OK
r-devel-linux-x86_64-fedora-gcc 0.1.0 27.35 OK
r-devel-windows-x86_64 0.1.0 2.00 40.00 42.00 OK
r-patched-linux-x86_64 0.1.0 1.52 16.47 17.99 OK
r-release-linux-x86_64 0.1.0 1.44 16.51 17.95 OK
r-release-macos-arm64 0.1.0 15.00 OK
r-release-macos-x86_64 0.1.0 23.00 OK
r-release-windows-x86_64 0.1.0 3.00 43.00 46.00 OK
r-oldrel-macos-arm64 0.1.0 14.00 NOTE
r-oldrel-macos-x86_64 0.1.0 19.00 NOTE
r-oldrel-windows-x86_64 0.1.0 3.00 40.00 43.00 NOTE

Check Details

Version: 0.1.0
Check: CRAN incoming feasibility
Result: NOTE Maintainer: ‘Chester C. Deocaris <ccdeocaris@pup.edu.ph>’ No Authors@R field in DESCRIPTION. Please add one, modifying Authors@R: person(given = c("Chester", "C."), family = "Deocaris", role = c("aut", "cre"), email = "ccdeocaris@pup.edu.ph") as necessary. The Description field contains paper of Molina (2019) <arXiv:1912.01783>, Seager (2013) Please refer to arXiv e-prints via their arXiv DOI <doi:10.48550/arXiv.YYMM.NNNNN>. Flavors: r-devel-linux-x86_64-debian-clang, r-devel-linux-x86_64-debian-gcc

Version: 0.1.0
Check: LazyData
Result: NOTE 'LazyData' is specified without a 'data' directory Flavors: r-oldrel-macos-arm64, r-oldrel-macos-x86_64, r-oldrel-windows-x86_64