Last updated on 2025-11-20 02:49:14 CET.
| Flavor | Version | Tinstall | Tcheck | Ttotal | Status | Flags |
|---|---|---|---|---|---|---|
| r-devel-linux-x86_64-debian-clang | 1.0.2 | 2.08 | 23.96 | 26.04 | NOTE | |
| r-devel-linux-x86_64-debian-gcc | 1.0.2 | 1.74 | 18.45 | 20.19 | NOTE | |
| r-devel-linux-x86_64-fedora-clang | 1.0.2 | 39.58 | OK | |||
| r-devel-linux-x86_64-fedora-gcc | 1.0.2 | 36.96 | OK | |||
| r-devel-windows-x86_64 | 1.0.2 | 4.00 | 41.00 | 45.00 | OK | |
| r-patched-linux-x86_64 | 1.0.2 | 2.63 | 22.36 | 24.99 | OK | |
| r-release-linux-x86_64 | 1.0.2 | 2.37 | 22.37 | 24.74 | OK | |
| r-release-macos-arm64 | 1.0.2 | OK | ||||
| r-release-macos-x86_64 | 1.0.2 | 2.00 | 24.00 | 26.00 | OK | |
| r-release-windows-x86_64 | 1.0.2 | 3.00 | 42.00 | 45.00 | OK | |
| r-oldrel-macos-arm64 | 1.0.2 | OK | ||||
| r-oldrel-macos-x86_64 | 1.0.2 | 2.00 | 20.00 | 22.00 | OK | |
| r-oldrel-windows-x86_64 | 1.0.2 | 4.00 | 46.00 | 50.00 | OK |
Version: 1.0.2
Check: CRAN incoming feasibility
Result: NOTE
Maintainer: ‘Nadezda Frolova <nfrolova@ualberta.ca>’
No Authors@R field in DESCRIPTION.
Please add one, modifying
Authors@R: c(person(given = "Nadezda",
family = "Frolova",
role = c("aut", "cre"),
email = "nfrolova@ualberta.ca"),
person(given = "Ivor",
family = "Cribben",
role = "aut"))
as necessary.
Flavors: r-devel-linux-x86_64-debian-clang, r-devel-linux-x86_64-debian-gcc